Last updated on 2025-05-10 20:49:47 CEST.
Flavor | Version | Tinstall | Tcheck | Ttotal | Status | Flags |
---|---|---|---|---|---|---|
r-devel-linux-x86_64-debian-clang | 1.0.4 | 18.68 | 83.79 | 102.47 | OK | |
r-devel-linux-x86_64-debian-gcc | 1.0.4 | 11.57 | 57.76 | 69.33 | OK | |
r-devel-linux-x86_64-fedora-clang | 1.0.4 | 156.00 | OK | |||
r-devel-linux-x86_64-fedora-gcc | 1.0.4 | 153.89 | OK | |||
r-devel-windows-x86_64 | 1.0.4 | 21.00 | 144.00 | 165.00 | OK | |
r-patched-linux-x86_64 | 1.0.4 | 19.01 | 78.37 | 97.38 | OK | |
r-release-linux-x86_64 | 1.0.4 | 16.40 | 77.69 | 94.09 | OK | |
r-release-macos-arm64 | 1.0.4 | 50.00 | OK | |||
r-release-macos-x86_64 | 1.0.4 | 88.00 | OK | |||
r-release-windows-x86_64 | 1.0.4 | 22.00 | 143.00 | 165.00 | OK | |
r-oldrel-macos-arm64 | 1.0.4 | 44.00 | NOTE | |||
r-oldrel-macos-x86_64 | 1.0.4 | 101.00 | NOTE | |||
r-oldrel-windows-x86_64 | 1.0.4 | 36.00 | 164.00 | 200.00 | NOTE |
Version: 1.0.4
Check: package dependencies
Result: NOTE
Packages which this enhances but not available for checking:
'NGCHMDemoData', 'NGCHMSupportFiles'
Flavors: r-oldrel-macos-arm64, r-oldrel-macos-x86_64, r-oldrel-windows-x86_64