CRAN Package Check Results for Package MultiSkew

Last updated on 2025-07-21 20:50:08 CEST.

Flavor Version Tinstall Tcheck Ttotal Status Flags
r-devel-linux-x86_64-debian-clang 1.1.1 1.62 27.93 29.55 NOTE
r-devel-linux-x86_64-debian-gcc 1.1.1 1.51 21.39 22.90 NOTE
r-devel-linux-x86_64-fedora-clang 1.1.1 46.47 OK
r-devel-linux-x86_64-fedora-gcc 1.1.1 44.32 OK
r-devel-windows-x86_64 1.1.1 2.00 52.00 54.00 OK
r-patched-linux-x86_64 1.1.1 1.75 26.54 28.29 OK
r-release-linux-x86_64 1.1.1 1.65 26.04 27.69 OK
r-release-macos-arm64 1.1.1 19.00 OK
r-release-macos-x86_64 1.1.1 46.00 OK
r-release-windows-x86_64 1.1.1 4.00 55.00 59.00 OK
r-oldrel-macos-arm64 1.1.1 17.00 OK
r-oldrel-macos-x86_64 1.1.1 27.00 OK
r-oldrel-windows-x86_64 1.1.1 3.00 52.00 55.00 OK

Check Details

Version: 1.1.1
Check: CRAN incoming feasibility
Result: NOTE Maintainer: ‘Cinzia Franceschini <cinziafranceschini@msn.com>’ No Authors@R field in DESCRIPTION. Please add one, modifying Authors@R: c(person(given = "Cinzia", family = "Franceschini", role = c("aut", "cre"), email = "cinziafranceschini@msn.com"), person(given = "Nicola", family = "Loperfido", role = "aut")) as necessary. Flavors: r-devel-linux-x86_64-debian-clang, r-devel-linux-x86_64-debian-gcc