Last updated on 2025-05-10 12:49:48 CEST.
Flavor | Version | Tinstall | Tcheck | Ttotal | Status | Flags |
---|---|---|---|---|---|---|
r-devel-linux-x86_64-debian-clang | 2.0.3 | 18.14 | 138.14 | 156.28 | NOTE | |
r-devel-linux-x86_64-debian-gcc | 2.0.3 | 13.13 | 95.14 | 108.27 | NOTE | |
r-devel-linux-x86_64-fedora-clang | 2.0.3 | 249.51 | NOTE | |||
r-devel-linux-x86_64-fedora-gcc | 2.0.3 | 241.93 | NOTE | |||
r-devel-windows-x86_64 | 2.0.3 | 18.00 | 138.00 | 156.00 | NOTE | |
r-patched-linux-x86_64 | 2.0.3 | 18.66 | 126.42 | 145.08 | NOTE | |
r-release-linux-x86_64 | 2.0.3 | 17.31 | 127.04 | 144.35 | NOTE | |
r-release-macos-arm64 | 2.0.3 | 91.00 | NOTE | |||
r-release-macos-x86_64 | 2.0.3 | 129.00 | NOTE | |||
r-release-windows-x86_64 | 2.0.3 | 18.00 | 139.00 | 157.00 | NOTE | |
r-oldrel-macos-arm64 | 2.0.3 | 66.00 | NOTE | |||
r-oldrel-macos-x86_64 | 2.0.3 | 98.00 | NOTE | |||
r-oldrel-windows-x86_64 | 2.0.3 | 26.00 | 176.00 | 202.00 | NOTE |
Version: 2.0.3
Check: CRAN incoming feasibility
Result: NOTE
Maintainer: ‘Lachlan Coin <l.coin@imb.uq.edu.au>’
No Authors@R field in DESCRIPTION.
Please add one, modifying
Authors@R: c(person(given = "Lachlan",
family = "Coin",
role = c("aut", "cre"),
email = "l.coin@imb.uq.edu.au"),
person(given = "Paul",
family = "O'Reilly",
role = "aut"),
person(given = "Yotsawat",
family = "Pompyen",
role = "aut"),
person(given = "Clive",
family = "Hoggart",
role = "aut"),
person(given = "Federico",
family = "Calboli",
role = "aut"))
as necessary.
Flavors: r-devel-linux-x86_64-debian-clang, r-devel-linux-x86_64-debian-gcc
Version: 2.0.3
Check: Rd files
Result: NOTE
checkRd: (-1) mPhen.defineOptions.Rd:4: Escaped LaTeX specials: \$
Flavors: r-devel-linux-x86_64-debian-clang, r-devel-linux-x86_64-debian-gcc, r-devel-linux-x86_64-fedora-clang, r-devel-linux-x86_64-fedora-gcc, r-devel-windows-x86_64, r-patched-linux-x86_64, r-release-linux-x86_64, r-release-macos-arm64, r-release-macos-x86_64, r-release-windows-x86_64, r-oldrel-macos-arm64, r-oldrel-macos-x86_64, r-oldrel-windows-x86_64