CRAN Package Check Results for Package Monte.Carlo.se

Last updated on 2025-05-10 16:52:34 CEST.

Flavor Version Tinstall Tcheck Ttotal Status Flags
r-devel-linux-x86_64-debian-clang 0.1.1 1.64 25.23 26.87 NOTE
r-devel-linux-x86_64-debian-gcc 0.1.1 1.54 20.15 21.69 NOTE
r-devel-linux-x86_64-fedora-clang 0.1.1 43.89 OK
r-devel-linux-x86_64-fedora-gcc 0.1.1 57.26 OK
r-devel-windows-x86_64 0.1.1 2.00 51.00 53.00 OK
r-patched-linux-x86_64 0.1.1 1.87 24.36 26.23 OK
r-release-linux-x86_64 0.1.1 1.84 24.04 25.88 OK
r-release-macos-arm64 0.1.1 30.00 OK
r-release-macos-x86_64 0.1.1 50.00 OK
r-release-windows-x86_64 0.1.1 4.00 54.00 58.00 OK
r-oldrel-macos-arm64 0.1.1 29.00 OK
r-oldrel-macos-x86_64 0.1.1 39.00 OK
r-oldrel-windows-x86_64 0.1.1 3.00 57.00 60.00 OK

Check Details

Version: 0.1.1
Check: CRAN incoming feasibility
Result: NOTE Maintainer: ‘Dennis Boos <boos@ncsu.edu>’ No Authors@R field in DESCRIPTION. Please add one, modifying Authors@R: c(person(given = "Dennis", family = "Boos", role = c("aut", "cre"), email = "boos@ncsu.edu"), person(given = "Kevin", family = "Matthew", role = "aut"), person(given = "Jason", family = "Osborne", role = "aut")) as necessary. Flavors: r-devel-linux-x86_64-debian-clang, r-devel-linux-x86_64-debian-gcc