Last updated on 2025-05-10 16:52:34 CEST.
Flavor | Version | Tinstall | Tcheck | Ttotal | Status | Flags |
---|---|---|---|---|---|---|
r-devel-linux-x86_64-debian-clang | 1.0.1 | 12.41 | 165.86 | 178.27 | NOTE | |
r-devel-linux-x86_64-debian-gcc | 1.0.1 | 7.85 | 93.99 | 101.84 | NOTE | |
r-devel-linux-x86_64-fedora-clang | 1.0.1 | 283.97 | NOTE | |||
r-devel-linux-x86_64-fedora-gcc | 1.0.1 | 272.47 | NOTE | |||
r-devel-windows-x86_64 | 1.0.1 | 11.00 | 144.00 | 155.00 | NOTE | |
r-patched-linux-x86_64 | 1.0.1 | 11.73 | 148.80 | 160.53 | NOTE | |
r-release-linux-x86_64 | 1.0.1 | 11.35 | 159.65 | 171.00 | NOTE | |
r-release-macos-arm64 | 1.0.1 | 57.00 | NOTE | |||
r-release-macos-x86_64 | 1.0.1 | 133.00 | NOTE | |||
r-release-windows-x86_64 | 1.0.1 | 11.00 | 143.00 | 154.00 | NOTE | |
r-oldrel-macos-arm64 | 1.0.1 | 57.00 | NOTE | |||
r-oldrel-macos-x86_64 | 1.0.1 | 97.00 | NOTE | |||
r-oldrel-windows-x86_64 | 1.0.1 | 11.00 | 140.00 | 151.00 | NOTE |
Version: 1.0.1
Check: CRAN incoming feasibility
Result: NOTE
Maintainer: ‘Sander Lestrade <samlestrade@protonmail.com>’
No Authors@R field in DESCRIPTION.
Please add one, modifying
Authors@R: person(given = "Sander",
family = "Lestrade",
role = c("aut", "cre"),
email = "samlestrade@protonmail.com")
as necessary.
Flavors: r-devel-linux-x86_64-debian-clang, r-devel-linux-x86_64-debian-gcc
Version: 1.0.1
Check: package subdirectories
Result: NOTE
Problems with news in ‘NEWS.md’:
No news entries found.
Flavors: r-devel-linux-x86_64-debian-clang, r-devel-linux-x86_64-debian-gcc, r-devel-linux-x86_64-fedora-clang, r-devel-linux-x86_64-fedora-gcc, r-devel-windows-x86_64, r-patched-linux-x86_64, r-release-linux-x86_64, r-release-macos-arm64, r-release-macos-x86_64, r-release-windows-x86_64, r-oldrel-macos-arm64, r-oldrel-macos-x86_64, r-oldrel-windows-x86_64
Version: 1.0.1
Check: Rd files
Result: NOTE
checkRd: (-1) CHECKSUCCESS.Rd:44: Escaped LaTeX specials: \&
Flavors: r-devel-linux-x86_64-debian-clang, r-devel-linux-x86_64-debian-gcc, r-devel-linux-x86_64-fedora-clang, r-devel-linux-x86_64-fedora-gcc, r-devel-windows-x86_64, r-patched-linux-x86_64, r-release-linux-x86_64, r-release-macos-arm64, r-release-macos-x86_64, r-release-windows-x86_64, r-oldrel-macos-arm64, r-oldrel-macos-x86_64, r-oldrel-windows-x86_64