Last updated on 2025-05-10 20:49:46 CEST.
Flavor | Version | Tinstall | Tcheck | Ttotal | Status | Flags |
---|---|---|---|---|---|---|
r-devel-linux-x86_64-debian-clang | 1.0.4 | 5.55 | 28.99 | 34.54 | NOTE | |
r-devel-linux-x86_64-debian-gcc | 1.0.4 | 3.62 | 22.11 | 25.73 | NOTE | |
r-devel-linux-x86_64-fedora-clang | 1.0.4 | 53.58 | OK | |||
r-devel-linux-x86_64-fedora-gcc | 1.0.4 | 51.30 | OK | |||
r-devel-windows-x86_64 | 1.0.4 | 6.00 | 49.00 | 55.00 | OK | |
r-patched-linux-x86_64 | 1.0.4 | 5.48 | 27.74 | 33.22 | OK | |
r-release-linux-x86_64 | 1.0.4 | 5.00 | 27.68 | 32.68 | OK | |
r-release-macos-arm64 | 1.0.4 | 21.00 | OK | |||
r-release-macos-x86_64 | 1.0.4 | 33.00 | OK | |||
r-release-windows-x86_64 | 1.0.4 | 5.00 | 50.00 | 55.00 | OK | |
r-oldrel-macos-arm64 | 1.0.4 | 20.00 | OK | |||
r-oldrel-macos-x86_64 | 1.0.4 | 37.00 | OK | |||
r-oldrel-windows-x86_64 | 1.0.4 | 5.00 | 53.00 | 58.00 | OK |
Version: 1.0.4
Check: CRAN incoming feasibility
Result: NOTE
Maintainer: ‘Lorenzo Mercuri <lorenzo.mercuri@unimi.it>’
No Authors@R field in DESCRIPTION.
Please add one, modifying
Authors@R: c(person(given = "Lorenzo",
family = "Mercuri",
role = c("aut", "cre"),
email = "lorenzo.mercuri@unimi.it"),
person(given = "Edit",
family = "Rroji",
role = "aut"))
as necessary.
Flavors: r-devel-linux-x86_64-debian-clang, r-devel-linux-x86_64-debian-gcc