Last updated on 2025-05-10 20:49:45 CEST.
Flavor | Version | Tinstall | Tcheck | Ttotal | Status | Flags |
---|---|---|---|---|---|---|
r-devel-linux-x86_64-debian-clang | 0.4.7 | 13.82 | 122.93 | 136.75 | NOTE | |
r-devel-linux-x86_64-debian-gcc | 0.4.7 | 9.02 | 76.49 | 85.51 | NOTE | |
r-devel-linux-x86_64-fedora-clang | 0.4.7 | 206.11 | OK | |||
r-devel-linux-x86_64-fedora-gcc | 0.4.7 | 226.68 | OK | |||
r-devel-windows-x86_64 | 0.4.7 | 16.00 | 135.00 | 151.00 | NOTE | |
r-patched-linux-x86_64 | 0.4.7 | 13.30 | 108.47 | 121.77 | NOTE | |
r-release-linux-x86_64 | 0.4.7 | 11.69 | 110.88 | 122.57 | NOTE | |
r-release-macos-arm64 | 0.4.7 | 102.00 | OK | |||
r-release-macos-x86_64 | 0.4.7 | 118.00 | OK | |||
r-release-windows-x86_64 | 0.4.7 | 16.00 | 137.00 | 153.00 | NOTE | |
r-oldrel-macos-arm64 | 0.4.7 | 60.00 | OK | |||
r-oldrel-macos-x86_64 | 0.4.7 | 103.00 | OK | |||
r-oldrel-windows-x86_64 | 0.4.7 | 18.00 | 168.00 | 186.00 | OK |
Version: 0.4.7
Check: Rd cross-references
Result: NOTE
Found the following Rd file(s) with Rd \link{} targets missing package
anchors:
plot.estMigConnectivity.Rd: plotCI
Please provide package anchors for all Rd \link{} targets not in the
package itself and the base packages.
Flavors: r-devel-linux-x86_64-debian-clang, r-devel-linux-x86_64-debian-gcc, r-devel-windows-x86_64, r-patched-linux-x86_64, r-release-linux-x86_64, r-release-windows-x86_64