Last updated on 2025-05-10 08:50:43 CEST.
Flavor | Version | Tinstall | Tcheck | Ttotal | Status | Flags |
---|---|---|---|---|---|---|
r-devel-linux-x86_64-debian-clang | 1.0.0 | 5.96 | 39.69 | 45.65 | OK | |
r-devel-linux-x86_64-debian-gcc | 1.0.0 | 4.22 | 28.62 | 32.84 | OK | |
r-devel-linux-x86_64-fedora-clang | 1.0.0 | 73.49 | NOTE | |||
r-devel-linux-x86_64-fedora-gcc | 1.0.0 | 86.08 | NOTE | |||
r-devel-windows-x86_64 | 1.0.0 | 10.00 | 56.00 | 66.00 | OK | |
r-patched-linux-x86_64 | 1.0.0 | 7.09 | 37.56 | 44.65 | OK | |
r-release-linux-x86_64 | 1.0.0 | 6.72 | 37.47 | 44.19 | OK | |
r-release-macos-arm64 | 1.0.0 | 34.00 | OK | |||
r-release-macos-x86_64 | 1.0.0 | 53.00 | OK | |||
r-release-windows-x86_64 | 1.0.0 | 9.00 | 56.00 | 65.00 | OK | |
r-oldrel-macos-arm64 | 1.0.0 | 30.00 | OK | |||
r-oldrel-macos-x86_64 | 1.0.0 | 51.00 | OK | |||
r-oldrel-windows-x86_64 | 1.0.0 | 11.00 | 64.00 | 75.00 | OK |
Version: 1.0.0
Check: dependencies in R code
Result: NOTE
Namespace in Imports field not imported from: ‘shinyBS’
All declared Imports should be used.
Flavors: r-devel-linux-x86_64-fedora-clang, r-devel-linux-x86_64-fedora-gcc