Last updated on 2025-05-10 16:52:33 CEST.
Flavor | Version | Tinstall | Tcheck | Ttotal | Status | Flags |
---|---|---|---|---|---|---|
r-devel-linux-x86_64-debian-clang | 4.7.1 | 100.57 | 161.42 | 261.99 | OK | |
r-devel-linux-x86_64-debian-gcc | 4.7.1 | 84.88 | 116.83 | 201.71 | OK | |
r-devel-linux-x86_64-fedora-clang | 4.7.1 | 480.74 | OK | |||
r-devel-linux-x86_64-fedora-gcc | 4.7.1 | 535.96 | OK | |||
r-devel-windows-x86_64 | 4.7.1 | 122.00 | 192.00 | 314.00 | OK | |
r-patched-linux-x86_64 | 4.7.1 | 113.80 | 153.19 | 266.99 | OK | |
r-release-linux-x86_64 | 4.7.1 | 118.40 | 152.48 | 270.88 | OK | |
r-release-macos-arm64 | 4.7.1 | 133.00 | OK | |||
r-release-macos-x86_64 | 4.7.1 | 245.00 | OK | |||
r-release-windows-x86_64 | 4.7.1 | 122.00 | 190.00 | 312.00 | OK | |
r-oldrel-macos-arm64 | 4.7.1 | 106.00 | NOTE | |||
r-oldrel-macos-x86_64 | 4.7.1 | 177.00 | NOTE | |||
r-oldrel-windows-x86_64 | 4.7.1 | 142.00 | 237.00 | 379.00 | NOTE |
Version: 4.7.1
Check: package dependencies
Result: NOTE
Package suggested but not available for checking: ‘gurobi’
Flavors: r-oldrel-macos-arm64, r-oldrel-macos-x86_64, r-oldrel-windows-x86_64
Version: 4.7.1
Check: installed package size
Result: NOTE
installed size is 9.0Mb
sub-directories of 1Mb or more:
doc 1.3Mb
libs 6.5Mb
Flavors: r-oldrel-macos-arm64, r-oldrel-macos-x86_64