Last updated on 2025-07-28 08:50:41 CEST.
Flavor | Version | Tinstall | Tcheck | Ttotal | Status | Flags |
---|---|---|---|---|---|---|
r-devel-linux-x86_64-debian-clang | 4.7.2 | 110.91 | 165.08 | 275.99 | OK | |
r-devel-linux-x86_64-debian-gcc | 4.7.2 | 81.81 | 114.92 | 196.73 | OK | |
r-devel-linux-x86_64-fedora-clang | 4.7.2 | 454.05 | OK | |||
r-devel-linux-x86_64-fedora-gcc | 4.7.2 | 497.67 | OK | |||
r-devel-windows-x86_64 | 4.7.2 | 125.00 | 187.00 | 312.00 | OK | |
r-patched-linux-x86_64 | 4.7.2 | 116.48 | 154.38 | 270.86 | OK | |
r-release-linux-x86_64 | 4.7.2 | 119.48 | 152.63 | 272.11 | OK | |
r-release-macos-arm64 | 4.7.2 | 120.00 | OK | |||
r-release-macos-x86_64 | 4.7.2 | 190.00 | OK | |||
r-release-windows-x86_64 | 4.7.2 | 119.00 | 187.00 | 306.00 | OK | |
r-oldrel-macos-arm64 | 4.7.2 | 118.00 | NOTE | |||
r-oldrel-macos-x86_64 | 4.7.2 | 189.00 | NOTE | |||
r-oldrel-windows-x86_64 | 4.7.2 | 143.00 | 237.00 | 380.00 | NOTE |
Version: 4.7.2
Check: package dependencies
Result: NOTE
Package suggested but not available for checking: ‘gurobi’
Flavors: r-oldrel-macos-arm64, r-oldrel-macos-x86_64, r-oldrel-windows-x86_64
Version: 4.7.2
Check: installed package size
Result: NOTE
installed size is 9.1Mb
sub-directories of 1Mb or more:
doc 1.3Mb
libs 6.6Mb
Flavors: r-oldrel-macos-arm64, r-oldrel-macos-x86_64