Last updated on 2025-05-10 16:52:32 CEST.
Flavor | Version | Tinstall | Tcheck | Ttotal | Status | Flags |
---|---|---|---|---|---|---|
r-devel-linux-x86_64-debian-clang | 2.0.1 | 3.07 | 32.66 | 35.73 | OK | |
r-devel-linux-x86_64-debian-gcc | 2.0.1 | 2.70 | 23.78 | 26.48 | OK | |
r-devel-linux-x86_64-fedora-clang | 2.0.1 | 55.53 | NOTE | |||
r-devel-linux-x86_64-fedora-gcc | 2.0.1 | 53.97 | NOTE | |||
r-devel-windows-x86_64 | 2.0.1 | 6.00 | 52.00 | 58.00 | OK | |
r-patched-linux-x86_64 | 2.0.1 | 3.50 | 30.82 | 34.32 | OK | |
r-release-linux-x86_64 | 2.0.1 | 3.34 | 31.29 | 34.63 | OK | |
r-release-macos-arm64 | 2.0.1 | 27.00 | OK | |||
r-release-macos-x86_64 | 2.0.1 | 36.00 | OK | |||
r-release-windows-x86_64 | 2.0.1 | 6.00 | 54.00 | 60.00 | OK | |
r-oldrel-macos-arm64 | 2.0.1 | 22.00 | OK | |||
r-oldrel-macos-x86_64 | 2.0.1 | 31.00 | OK | |||
r-oldrel-windows-x86_64 | 2.0.1 | 6.00 | 59.00 | 65.00 | OK |
Version: 2.0.1
Check: dependencies in R code
Result: NOTE
Namespaces in Imports field not imported from:
‘dplyr’ ‘rlang’ ‘testthat’
All declared Imports should be used.
Flavors: r-devel-linux-x86_64-fedora-clang, r-devel-linux-x86_64-fedora-gcc