Last updated on 2025-05-10 12:49:46 CEST.
Flavor | Version | Tinstall | Tcheck | Ttotal | Status | Flags |
---|---|---|---|---|---|---|
r-devel-linux-x86_64-debian-clang | 0.1.0 | 18.21 | 125.66 | 143.87 | OK | |
r-devel-linux-x86_64-debian-gcc | 0.1.0 | 13.27 | 92.06 | 105.33 | OK | |
r-devel-linux-x86_64-fedora-clang | 0.1.0 | 226.05 | NOTE | |||
r-devel-linux-x86_64-fedora-gcc | 0.1.0 | 222.10 | NOTE | |||
r-devel-windows-x86_64 | 0.1.0 | 17.00 | 115.00 | 132.00 | OK | |
r-patched-linux-x86_64 | 0.1.0 | 17.04 | 117.58 | 134.62 | OK | |
r-release-linux-x86_64 | 0.1.0 | 15.08 | 117.11 | 132.19 | OK | |
r-release-macos-arm64 | 0.1.0 | 61.00 | OK | |||
r-release-macos-x86_64 | 0.1.0 | 105.00 | OK | |||
r-release-windows-x86_64 | 0.1.0 | 18.00 | 117.00 | 135.00 | OK | |
r-oldrel-macos-arm64 | 0.1.0 | 62.00 | OK | |||
r-oldrel-macos-x86_64 | 0.1.0 | 95.00 | OK | |||
r-oldrel-windows-x86_64 | 0.1.0 | 24.00 | 142.00 | 166.00 | OK |
Version: 0.1.0
Check: dependencies in R code
Result: NOTE
Namespaces in Imports field not imported from:
‘ngram’ ‘shinythemes’ ‘topicmodels’
All declared Imports should be used.
Flavors: r-devel-linux-x86_64-fedora-clang, r-devel-linux-x86_64-fedora-gcc