Last updated on 2025-05-10 16:52:32 CEST.
Flavor | Version | Tinstall | Tcheck | Ttotal | Status | Flags |
---|---|---|---|---|---|---|
r-devel-linux-x86_64-debian-clang | 0.1.0 | 17.16 | 119.50 | 136.66 | OK | |
r-devel-linux-x86_64-debian-gcc | 0.1.0 | 13.18 | 89.21 | 102.39 | OK | |
r-devel-linux-x86_64-fedora-clang | 0.1.0 | 216.54 | NOTE | |||
r-devel-linux-x86_64-fedora-gcc | 0.1.0 | 211.49 | NOTE | |||
r-devel-windows-x86_64 | 0.1.0 | 16.00 | 110.00 | 126.00 | OK | |
r-patched-linux-x86_64 | 0.1.0 | 15.63 | 112.76 | 128.39 | OK | |
r-release-linux-x86_64 | 0.1.0 | 14.08 | 112.95 | 127.03 | OK | |
r-release-macos-arm64 | 0.1.0 | 61.00 | OK | |||
r-release-macos-x86_64 | 0.1.0 | 103.00 | OK | |||
r-release-windows-x86_64 | 0.1.0 | 17.00 | 114.00 | 131.00 | OK | |
r-oldrel-macos-arm64 | 0.1.0 | 59.00 | OK | |||
r-oldrel-macos-x86_64 | 0.1.0 | 91.00 | OK | |||
r-oldrel-windows-x86_64 | 0.1.0 | 22.00 | 136.00 | 158.00 | OK |
Version: 0.1.0
Check: dependencies in R code
Result: NOTE
Namespaces in Imports field not imported from:
‘shinythemes’ ‘topicmodels’
All declared Imports should be used.
Flavors: r-devel-linux-x86_64-fedora-clang, r-devel-linux-x86_64-fedora-gcc