CRAN Package Check Results for Package MUACz

Last updated on 2025-05-10 16:52:34 CEST.

Flavor Version Tinstall Tcheck Ttotal Status Flags
r-devel-linux-x86_64-debian-clang 2.1.0 11.39 84.27 95.66 OK
r-devel-linux-x86_64-debian-gcc 2.1.0 7.89 58.91 66.80 OK
r-devel-linux-x86_64-fedora-clang 2.1.0 137.13 OK
r-devel-linux-x86_64-fedora-gcc 2.1.0 139.83 OK
r-devel-windows-x86_64 2.1.0 12.00 85.00 97.00 OK
r-patched-linux-x86_64 2.1.0 11.50 78.70 90.20 OK
r-release-linux-x86_64 2.1.0 10.40 77.29 87.69 OK
r-release-macos-arm64 2.1.0 58.00 OK
r-release-macos-x86_64 2.1.0 76.00 OK
r-release-windows-x86_64 2.1.0 12.00 87.00 99.00 OK
r-oldrel-macos-arm64 2.1.0 38.00 NOTE
r-oldrel-macos-x86_64 2.1.0 66.00 NOTE
r-oldrel-windows-x86_64 2.1.0 14.00 108.00 122.00 NOTE

Check Details

Version: 2.1.0
Check: LazyData
Result: NOTE 'LazyData' is specified without a 'data' directory Flavors: r-oldrel-macos-arm64, r-oldrel-macos-x86_64, r-oldrel-windows-x86_64