Last updated on 2025-07-16 20:53:29 CEST.
Flavor | Version | Tinstall | Tcheck | Ttotal | Status | Flags |
---|---|---|---|---|---|---|
r-devel-linux-x86_64-debian-clang | 1.3.7 | 18.39 | 278.18 | 296.57 | OK | |
r-devel-linux-x86_64-debian-gcc | 1.3.7 | 11.48 | 196.78 | 208.26 | OK | |
r-devel-linux-x86_64-fedora-clang | 1.3.7 | 444.39 | NOTE | |||
r-devel-linux-x86_64-fedora-gcc | 1.3.7 | 439.80 | NOTE | |||
r-devel-windows-x86_64 | 1.3.7 | 17.00 | 217.00 | 234.00 | OK | |
r-patched-linux-x86_64 | 1.3.7 | 16.27 | 261.25 | 277.52 | OK | |
r-release-linux-x86_64 | 1.3.7 | 17.44 | 257.27 | 274.71 | OK | |
r-release-macos-arm64 | 1.3.7 | 131.00 | OK | |||
r-release-macos-x86_64 | 1.3.7 | 227.00 | OK | |||
r-release-windows-x86_64 | 1.3.7 | 17.00 | 224.00 | 241.00 | OK | |
r-oldrel-macos-arm64 | 1.3.7 | 102.00 | OK | |||
r-oldrel-macos-x86_64 | 1.3.7 | 148.00 | OK | |||
r-oldrel-windows-x86_64 | 1.3.7 | 22.00 | 292.00 | 314.00 | OK |
Version: 1.3.7
Check: dependencies in R code
Result: NOTE
Namespace in Imports field not imported from: ‘ranger’
All declared Imports should be used.
Flavors: r-devel-linux-x86_64-fedora-clang, r-devel-linux-x86_64-fedora-gcc