Last updated on 2025-05-10 16:52:34 CEST.
Flavor | Version | Tinstall | Tcheck | Ttotal | Status | Flags |
---|---|---|---|---|---|---|
r-devel-linux-x86_64-debian-clang | 0.6 | 11.33 | 77.69 | 89.02 | NOTE | |
r-devel-linux-x86_64-debian-gcc | 0.6 | 7.19 | 55.65 | 62.84 | NOTE | |
r-devel-linux-x86_64-fedora-clang | 0.6 | 139.56 | OK | |||
r-devel-linux-x86_64-fedora-gcc | 0.6 | 136.90 | OK | |||
r-devel-windows-x86_64 | 0.6 | 11.00 | 83.00 | 94.00 | OK | |
r-patched-linux-x86_64 | 0.6 | 10.85 | 74.25 | 85.10 | OK | |
r-release-linux-x86_64 | 0.6 | 10.38 | 74.71 | 85.09 | OK | |
r-release-macos-arm64 | 0.6 | 47.00 | OK | |||
r-release-macos-x86_64 | 0.6 | 83.00 | OK | |||
r-release-windows-x86_64 | 0.6 | 10.00 | 85.00 | 95.00 | OK | |
r-oldrel-macos-arm64 | 0.6 | 39.00 | OK | |||
r-oldrel-macos-x86_64 | 0.6 | 63.00 | OK | |||
r-oldrel-windows-x86_64 | 0.6 | 15.00 | 104.00 | 119.00 | OK |
Version: 0.6
Check: CRAN incoming feasibility
Result: NOTE
Maintainer: ‘Chih-Li Sung <sungchih@msu.edu>’
No Authors@R field in DESCRIPTION.
Please add one, modifying
Authors@R: person(given = "Chih-Li",
family = "Sung",
role = c("aut", "cre"),
email = "sungchih@msu.edu")
as necessary.
Flavors: r-devel-linux-x86_64-debian-clang, r-devel-linux-x86_64-debian-gcc