CRAN Package Check Results for Package MOQA

Last updated on 2025-07-16 09:51:24 CEST.

Flavor Version Tinstall Tcheck Ttotal Status Flags
r-devel-linux-x86_64-debian-clang 2.0.0 5.23 39.94 45.17 NOTE
r-devel-linux-x86_64-debian-gcc 2.0.0 3.80 30.73 34.53 NOTE
r-devel-linux-x86_64-fedora-clang 2.0.0 69.52 OK
r-devel-linux-x86_64-fedora-gcc 2.0.0 66.92 OK
r-devel-windows-x86_64 2.0.0 7.00 65.00 72.00 OK
r-patched-linux-x86_64 2.0.0 5.01 37.62 42.63 OK
r-release-linux-x86_64 2.0.0 4.14 37.28 41.42 OK
r-release-macos-arm64 2.0.0 27.00 OK
r-release-macos-x86_64 2.0.0 45.00 OK
r-release-windows-x86_64 2.0.0 6.00 66.00 72.00 OK
r-oldrel-macos-arm64 2.0.0 28.00 OK
r-oldrel-macos-x86_64 2.0.0 37.00 OK
r-oldrel-windows-x86_64 2.0.0 8.00 74.00 82.00 OK

Check Details

Version: 2.0.0
Check: CRAN incoming feasibility
Result: NOTE Maintainer: ‘Martin Bialke <mosaic-projekt@uni-greifswald.de>’ No Authors@R field in DESCRIPTION. Please add one, modifying Authors@R: c(person(given = "Martin", family = "Bialke", role = c("aut", "cre"), email = "mosaic-projekt@uni-greifswald.de"), person(given = "Thea", family = "Schwaneberg", role = "aut", email = "thea.schwaneberg@uni-greifswald.de"), person(given = "Rene", family = "Walk", role = "aut", email = "rene.walk@uni-greifswald.de")) as necessary. Flavors: r-devel-linux-x86_64-debian-clang, r-devel-linux-x86_64-debian-gcc