Last updated on 2025-05-10 16:52:34 CEST.
Flavor | Version | Tinstall | Tcheck | Ttotal | Status | Flags |
---|---|---|---|---|---|---|
r-devel-linux-x86_64-debian-clang | 3.0.3 | 63.91 | 85.89 | 149.80 | OK | |
r-devel-linux-x86_64-debian-gcc | 3.0.3 | 54.74 | 64.46 | 119.20 | OK | |
r-devel-linux-x86_64-fedora-clang | 3.0.3 | 232.32 | OK | |||
r-devel-linux-x86_64-fedora-gcc | 3.0.3 | 284.66 | OK | |||
r-devel-windows-x86_64 | 3.0.3 | 68.00 | 112.00 | 180.00 | OK | |
r-patched-linux-x86_64 | 3.0.3 | 77.61 | 84.97 | 162.58 | OK | |
r-release-linux-x86_64 | 3.0.3 | 77.12 | 85.39 | 162.51 | OK | |
r-release-macos-arm64 | 3.0.3 | 78.00 | OK | |||
r-release-macos-x86_64 | 3.0.3 | 131.00 | OK | |||
r-release-windows-x86_64 | 3.0.3 | 64.00 | 110.00 | 174.00 | OK | |
r-oldrel-macos-arm64 | 3.0.3 | 72.00 | NOTE | |||
r-oldrel-macos-x86_64 | 3.0.3 | 195.00 | NOTE | |||
r-oldrel-windows-x86_64 | 3.0.3 | 80.00 | 135.00 | 215.00 | OK |
Version: 3.0.3
Check: installed package size
Result: NOTE
installed size is 28.6Mb
sub-directories of 1Mb or more:
libs 27.9Mb
Flavors: r-oldrel-macos-arm64, r-oldrel-macos-x86_64