Last updated on 2025-05-10 16:52:34 CEST.
Flavor | Version | Tinstall | Tcheck | Ttotal | Status | Flags |
---|---|---|---|---|---|---|
r-devel-linux-x86_64-debian-clang | 0.1.0 | 23.78 | 159.45 | 183.23 | NOTE | |
r-devel-linux-x86_64-debian-gcc | 0.1.0 | 14.26 | 107.96 | 122.22 | NOTE | |
r-devel-linux-x86_64-fedora-clang | 0.1.0 | 286.04 | OK | |||
r-devel-linux-x86_64-fedora-gcc | 0.1.0 | 271.86 | OK | |||
r-devel-windows-x86_64 | 0.1.0 | 26.00 | 147.00 | 173.00 | OK | |
r-patched-linux-x86_64 | 0.1.0 | 20.36 | 146.02 | 166.38 | OK | |
r-release-linux-x86_64 | 0.1.0 | 20.87 | 145.48 | 166.35 | OK | |
r-release-macos-arm64 | 0.1.0 | 68.00 | OK | |||
r-release-macos-x86_64 | 0.1.0 | 139.00 | OK | |||
r-release-windows-x86_64 | 0.1.0 | 25.00 | 152.00 | 177.00 | OK | |
r-oldrel-macos-arm64 | 0.1.0 | 67.00 | OK | |||
r-oldrel-macos-x86_64 | 0.1.0 | 102.00 | OK | |||
r-oldrel-windows-x86_64 | 0.1.0 | 33.00 | 192.00 | 225.00 | OK |
Version: 0.1.0
Check: CRAN incoming feasibility
Result: NOTE
Maintainer: ‘Alexander Volkmann <alexander.volkmann@hu-berlin.de>’
The Description field contains
Implementation for Volkmann, Umlauf, Greven (2023) <arXiv:2311.06409>.
Please refer to arXiv e-prints via their arXiv DOI <doi:10.48550/arXiv.YYMM.NNNNN>.
Flavors: r-devel-linux-x86_64-debian-clang, r-devel-linux-x86_64-debian-gcc