Last updated on 2025-05-10 20:49:45 CEST.
Flavor | Version | Tinstall | Tcheck | Ttotal | Status | Flags |
---|---|---|---|---|---|---|
r-devel-linux-x86_64-debian-clang | 0.1.0 | 15.46 | 105.21 | 120.67 | NOTE | |
r-devel-linux-x86_64-debian-gcc | 0.1.0 | 9.71 | 74.06 | 83.77 | NOTE | |
r-devel-linux-x86_64-fedora-clang | 0.1.0 | 172.67 | NOTE | |||
r-devel-linux-x86_64-fedora-gcc | 0.1.0 | 189.57 | NOTE | |||
r-devel-windows-x86_64 | 0.1.0 | 17.00 | 102.00 | 119.00 | NOTE | |
r-patched-linux-x86_64 | 0.1.0 | 13.06 | 99.06 | 112.12 | NOTE | |
r-release-linux-x86_64 | 0.1.0 | 13.89 | 98.20 | 112.09 | NOTE | |
r-release-macos-arm64 | 0.1.0 | 48.00 | NOTE | |||
r-release-macos-x86_64 | 0.1.0 | 92.00 | NOTE | |||
r-release-windows-x86_64 | 0.1.0 | 17.00 | 103.00 | 120.00 | NOTE | |
r-oldrel-macos-arm64 | 0.1.0 | 52.00 | OK | |||
r-oldrel-macos-x86_64 | 0.1.0 | 73.00 | OK | |||
r-oldrel-windows-x86_64 | 0.1.0 | 21.00 | 135.00 | 156.00 | OK |
Version: 0.1.0
Check: DESCRIPTION meta-information
Result: NOTE
Missing dependency on R >= 4.1.0 because package code uses the pipe
|> or function shorthand \(...) syntax added in R 4.1.0.
File(s) using such syntax:
‘flexImputeModel.R’
Flavors: r-devel-linux-x86_64-debian-clang, r-devel-linux-x86_64-debian-gcc, r-devel-linux-x86_64-fedora-clang, r-devel-linux-x86_64-fedora-gcc, r-devel-windows-x86_64, r-patched-linux-x86_64, r-release-linux-x86_64, r-release-macos-arm64, r-release-macos-x86_64, r-release-windows-x86_64