Last updated on 2025-05-10 16:52:33 CEST.
Flavor | Version | Tinstall | Tcheck | Ttotal | Status | Flags |
---|---|---|---|---|---|---|
r-devel-linux-x86_64-debian-clang | 0.1.0 | 8.60 | 94.83 | 103.43 | OK | |
r-devel-linux-x86_64-debian-gcc | 0.1.0 | 6.96 | 69.83 | 76.79 | OK | |
r-devel-linux-x86_64-fedora-clang | 0.1.0 | 167.21 | NOTE | |||
r-devel-linux-x86_64-fedora-gcc | 0.1.0 | 173.16 | NOTE | |||
r-patched-linux-x86_64 | 0.1.0 | 9.10 | 88.49 | 97.59 | OK | |
r-release-linux-x86_64 | 0.1.0 | 8.22 | 87.47 | 95.69 | OK | |
r-release-macos-arm64 | 0.1.0 | 53.00 | OK | |||
r-release-macos-x86_64 | 0.1.0 | 129.00 | OK | |||
r-release-windows-x86_64 | 0.1.0 | 10.00 | 100.00 | 110.00 | OK | |
r-oldrel-macos-arm64 | 0.1.0 | 57.00 | OK | |||
r-oldrel-macos-x86_64 | 0.1.0 | 111.00 | OK |
Version: 0.1.0
Check: dependencies in R code
Result: NOTE
Namespaces in Imports field not imported from:
‘kableExtra’ ‘knitr’ ‘reshape2’ ‘tidyverse’
All declared Imports should be used.
Flavors: r-devel-linux-x86_64-fedora-clang, r-devel-linux-x86_64-fedora-gcc