Last updated on 2025-05-10 16:52:33 CEST.
Flavor | Version | Tinstall | Tcheck | Ttotal | Status | Flags |
---|---|---|---|---|---|---|
r-devel-linux-x86_64-debian-clang | 0.1.3 | 2.89 | 25.24 | 28.13 | NOTE | |
r-devel-linux-x86_64-debian-gcc | 0.1.3 | 2.37 | 21.09 | 23.46 | NOTE | |
r-devel-linux-x86_64-fedora-clang | 0.1.3 | 43.39 | OK | |||
r-devel-linux-x86_64-fedora-gcc | 0.1.3 | 41.69 | OK | |||
r-devel-windows-x86_64 | 0.1.3 | 3.00 | 50.00 | 53.00 | OK | |
r-patched-linux-x86_64 | 0.1.3 | 3.06 | 24.58 | 27.64 | OK | |
r-release-linux-x86_64 | 0.1.3 | 2.71 | 24.47 | 27.18 | OK | |
r-release-macos-arm64 | 0.1.3 | 19.00 | OK | |||
r-release-macos-x86_64 | 0.1.3 | 30.00 | OK | |||
r-release-windows-x86_64 | 0.1.3 | 6.00 | 52.00 | 58.00 | OK | |
r-oldrel-macos-arm64 | 0.1.3 | 18.00 | OK | |||
r-oldrel-macos-x86_64 | 0.1.3 | 30.00 | OK | |||
r-oldrel-windows-x86_64 | 0.1.3 | 5.00 | 50.00 | 55.00 | OK |
Version: 0.1.3
Check: CRAN incoming feasibility
Result: NOTE
Maintainer: ‘Leopoldo Catania <leopoldo.catania@gmail.com>’
No Authors@R field in DESCRIPTION.
Please add one, modifying
Authors@R: c(person(given = c("Leopoldo", "Catania", "&", "Mauro"),
family = "Bernardi",
role = "aut"),
person(given = "Leopoldo",
family = "Catania",
role = "cre",
email = "leopoldo.catania@gmail.com"))
as necessary.
Found the following URLs which should use \doi (with the DOI name only):
File ‘LossVol.Rd’:
http://dx.doi.org/10.1002/jae.800
Flavors: r-devel-linux-x86_64-debian-clang, r-devel-linux-x86_64-debian-gcc