Last updated on 2025-07-10 08:50:44 CEST.
Flavor | Version | Tinstall | Tcheck | Ttotal | Status | Flags |
---|---|---|---|---|---|---|
r-devel-linux-x86_64-debian-clang | 1.1 | 10.71 | 77.50 | 88.21 | NOTE | |
r-devel-linux-x86_64-debian-gcc | 1.1 | 7.82 | 56.04 | 63.86 | NOTE | |
r-devel-linux-x86_64-fedora-clang | 1.1 | 141.75 | NOTE | |||
r-devel-linux-x86_64-fedora-gcc | 1.1 | 134.64 | NOTE | |||
r-devel-windows-x86_64 | 1.1 | 10.00 | 82.00 | 92.00 | NOTE | |
r-patched-linux-x86_64 | 1.1 | 9.77 | 73.44 | 83.21 | NOTE | |
r-release-linux-x86_64 | 1.1 | 9.92 | 72.06 | 81.98 | NOTE | |
r-release-macos-arm64 | 1.1 | 62.00 | NOTE | |||
r-release-macos-x86_64 | 1.1 | 65.00 | NOTE | |||
r-release-windows-x86_64 | 1.1 | 11.00 | 84.00 | 95.00 | NOTE | |
r-oldrel-macos-arm64 | 1.1 | 36.00 | OK | |||
r-oldrel-macos-x86_64 | 1.1 | 54.00 | OK | |||
r-oldrel-windows-x86_64 | 1.1 | 16.00 | 104.00 | 120.00 | OK |
Version: 1.1
Check: DESCRIPTION meta-information
Result: NOTE
Missing dependency on R >= 4.1.0 because package code uses the pipe
|> or function shorthand \(...) syntax added in R 4.1.0.
File(s) using such syntax:
‘summary.mcpmod_simulation.R’
Flavors: r-devel-linux-x86_64-debian-clang, r-devel-linux-x86_64-debian-gcc, r-devel-linux-x86_64-fedora-clang, r-devel-linux-x86_64-fedora-gcc, r-devel-windows-x86_64, r-patched-linux-x86_64, r-release-linux-x86_64, r-release-macos-arm64, r-release-macos-x86_64, r-release-windows-x86_64