Last updated on 2025-05-10 16:52:33 CEST.
Flavor | Version | Tinstall | Tcheck | Ttotal | Status | Flags |
---|---|---|---|---|---|---|
r-devel-linux-x86_64-debian-clang | 1.2.4 | 11.12 | 100.09 | 111.21 | NOTE | |
r-devel-linux-x86_64-debian-gcc | 1.2.4 | 8.24 | 72.40 | 80.64 | NOTE | |
r-devel-linux-x86_64-fedora-clang | 1.2.4 | 167.99 | OK | |||
r-devel-linux-x86_64-fedora-gcc | 1.2.4 | 166.12 | OK | |||
r-devel-windows-x86_64 | 1.2.4 | 12.00 | 112.00 | 124.00 | OK | |
r-patched-linux-x86_64 | 1.2.4 | 10.59 | 94.85 | 105.44 | OK | |
r-release-linux-x86_64 | 1.2.4 | 10.51 | 95.48 | 105.99 | OK | |
r-release-macos-arm64 | 1.2.4 | 72.00 | OK | |||
r-release-macos-x86_64 | 1.2.4 | 89.00 | OK | |||
r-release-windows-x86_64 | 1.2.4 | 12.00 | 113.00 | 125.00 | OK | |
r-oldrel-macos-arm64 | 1.2.4 | 46.00 | OK | |||
r-oldrel-macos-x86_64 | 1.2.4 | 80.00 | OK | |||
r-oldrel-windows-x86_64 | 1.2.4 | 15.00 | 143.00 | 158.00 | OK |
Version: 1.2.4
Check: CRAN incoming feasibility
Result: NOTE
Maintainer: ‘Mikhail V. Matz <matz@utexas.edu>’
No Authors@R field in DESCRIPTION.
Please add one, modifying
Authors@R: person(given = c("Mikhail", "V."),
family = "Matz",
role = c("aut", "cre"),
email = "matz@utexas.edu")
as necessary.
Flavors: r-devel-linux-x86_64-debian-clang, r-devel-linux-x86_64-debian-gcc