Last updated on 2025-05-10 20:49:45 CEST.
Flavor | Version | Tinstall | Tcheck | Ttotal | Status | Flags |
---|---|---|---|---|---|---|
r-devel-linux-x86_64-debian-clang | 0.8-3 | 4.44 | 46.22 | 50.66 | NOTE | |
r-devel-linux-x86_64-debian-gcc | 0.8-3 | 3.63 | 33.27 | 36.90 | NOTE | |
r-devel-linux-x86_64-fedora-clang | 0.8-3 | 79.70 | OK | |||
r-devel-linux-x86_64-fedora-gcc | 0.8-3 | 75.28 | OK | |||
r-devel-windows-x86_64 | 0.8-3 | 6.00 | 74.00 | 80.00 | OK | |
r-patched-linux-x86_64 | 0.8-3 | 6.46 | 42.89 | 49.35 | OK | |
r-release-linux-x86_64 | 0.8-3 | 4.88 | 42.82 | 47.70 | OK | |
r-release-macos-arm64 | 0.8-3 | 25.00 | OK | |||
r-release-macos-x86_64 | 0.8-3 | 41.00 | OK | |||
r-release-windows-x86_64 | 0.8-3 | 7.00 | 76.00 | 83.00 | OK | |
r-oldrel-macos-arm64 | 0.8-3 | 24.00 | OK | |||
r-oldrel-macos-x86_64 | 0.8-3 | 36.00 | OK | |||
r-oldrel-windows-x86_64 | 0.8-3 | 8.00 | 85.00 | 93.00 | OK |
Version: 0.8-3
Check: CRAN incoming feasibility
Result: NOTE
Maintainer: ‘AC Del Re <acdelre@gmail.com>’
Package CITATION file contains call(s) to old-style personList() or
as.personList(). Please use c() on person objects instead.
Package CITATION file contains call(s) to old-style citEntry(). Please
use bibentry() instead.
Flavors: r-devel-linux-x86_64-debian-clang, r-devel-linux-x86_64-debian-gcc