Last updated on 2025-05-10 16:52:33 CEST.
Flavor | Version | Tinstall | Tcheck | Ttotal | Status | Flags |
---|---|---|---|---|---|---|
r-devel-linux-x86_64-debian-clang | 1.4.0 | 21.88 | 268.96 | 290.84 | OK | |
r-devel-linux-x86_64-debian-gcc | 1.4.0 | 15.57 | 180.72 | 196.29 | OK | |
r-devel-linux-x86_64-fedora-clang | 1.4.0 | 497.67 | OK | |||
r-devel-linux-x86_64-fedora-gcc | 1.4.0 | 464.24 | OK | |||
r-devel-windows-x86_64 | 1.4.0 | 24.00 | 253.00 | 277.00 | OK | |
r-patched-linux-x86_64 | 1.4.0 | 22.80 | 258.01 | 280.81 | OK | |
r-release-linux-x86_64 | 1.4.0 | 19.78 | 258.26 | 278.04 | OK | |
r-release-macos-arm64 | 1.4.0 | 163.00 | OK | |||
r-release-macos-x86_64 | 1.4.0 | 245.00 | OK | |||
r-release-windows-x86_64 | 1.4.0 | 23.00 | 259.00 | 282.00 | OK | |
r-oldrel-macos-arm64 | 1.4.0 | 122.00 | NOTE | |||
r-oldrel-macos-x86_64 | 1.4.0 | 193.00 | NOTE | |||
r-oldrel-windows-x86_64 | 1.4.0 | 32.00 | 336.00 | 368.00 | OK |
Version: 1.4.0
Check: package dependencies
Result: NOTE
Packages suggested but not available for checking:
'BSgenome.Hsapiens.NCBI.GRCh38', 'org.Mm.eg.db', 'wiggleplotr'
Flavor: r-oldrel-macos-arm64
Version: 1.4.0
Check: package dependencies
Result: NOTE
Packages suggested but not available for checking:
'BSgenome.Hsapiens.NCBI.GRCh38', 'wiggleplotr'
Flavor: r-oldrel-macos-x86_64