Last updated on 2025-05-10 16:52:32 CEST.
Flavor | Version | Tinstall | Tcheck | Ttotal | Status | Flags |
---|---|---|---|---|---|---|
r-devel-linux-x86_64-debian-clang | 2.7.1 | 152.87 | 148.35 | 301.22 | NOTE | |
r-devel-linux-x86_64-debian-gcc | 2.7.1 | 102.24 | 96.78 | 199.02 | NOTE | |
r-devel-linux-x86_64-fedora-clang | 2.7.1 | 544.58 | NOTE | |||
r-devel-linux-x86_64-fedora-gcc | 2.7.1 | 539.03 | NOTE | |||
r-devel-windows-x86_64 | 2.7.1 | 170.00 | 165.00 | 335.00 | NOTE | |
r-patched-linux-x86_64 | 2.7.1 | 151.90 | 135.96 | 287.86 | NOTE | |
r-release-linux-x86_64 | 2.7.1 | 145.34 | 135.50 | 280.84 | NOTE | |
r-release-macos-arm64 | 2.7.1 | 108.00 | NOTE | |||
r-release-macos-x86_64 | 2.7.1 | 161.00 | NOTE | |||
r-release-windows-x86_64 | 2.7.1 | 169.00 | 165.00 | 334.00 | NOTE | |
r-oldrel-macos-arm64 | 2.7.1 | 114.00 | NOTE | |||
r-oldrel-macos-x86_64 | 2.7.1 | 133.00 | NOTE | |||
r-oldrel-windows-x86_64 | 2.7.1 | 223.00 | 212.00 | 435.00 | NOTE |
Version: 2.7.1
Check: CRAN incoming feasibility
Result: NOTE
Maintainer: ‘Pedro Duarte Silva <psilva@ucp.pt>’
No Authors@R field in DESCRIPTION.
Please add one, modifying
Authors@R: c(person(given = c("Pedro", "Duarte"),
family = "Silva",
role = c("aut", "cre"),
email = "psilva@ucp.pt"),
person(given = "Paula",
family = "Brito",
role = "aut",
email = "mpbrito.fep.up.pt"))
as necessary.
Flavors: r-devel-linux-x86_64-debian-clang, r-devel-linux-x86_64-debian-gcc
Version: 2.7.1
Check: Rd files
Result: NOTE
checkRd: (-1) RepLOptim.Rd:21: Lost braces; missing escapes or markup?
21 | \item{gr}{A function to return the gradient for the \dQuote{nlminb}, \dQuote{BFGS}, \dQuote{CG} and {L-BFGS-B} methods. If it is \sQuote{NULL}, a finite-difference approximation will be used. For the \dQuote{SANN} method it specifies a function to generate a new candidate point. If it is \sQuote{NULL} a default Gaussian Markov kernel is used.}
| ^
checkRd: (-1) Robda-methods.Rd:69: Lost braces
69 | \seealso{\code{\link{lda}}, \code{\link{qda}}, \code{\link{snda}}, \code{\linkS4class{IData}}, \code{\linkS4class{RobEstControl}},code{\link{ConfMat}} }
| ^
Flavors: r-devel-linux-x86_64-debian-clang, r-devel-linux-x86_64-debian-gcc, r-devel-linux-x86_64-fedora-clang, r-devel-linux-x86_64-fedora-gcc, r-devel-windows-x86_64, r-patched-linux-x86_64, r-release-linux-x86_64, r-release-macos-arm64, r-release-macos-x86_64, r-release-windows-x86_64, r-oldrel-macos-arm64, r-oldrel-macos-x86_64, r-oldrel-windows-x86_64
Version: 2.7.1
Check: Rd cross-references
Result: NOTE
Found the following Rd file(s) with Rd \link{} targets missing package
anchors:
RobEstControl-class.Rd: CovControlMcd-class, CovControl-class
fasttle-methods.Rd: rrcov.control
Please provide package anchors for all Rd \link{} targets not in the
package itself and the base packages.
Flavors: r-devel-linux-x86_64-debian-clang, r-devel-linux-x86_64-debian-gcc, r-devel-windows-x86_64, r-patched-linux-x86_64, r-release-linux-x86_64, r-release-windows-x86_64
Version: 2.7.1
Check: installed package size
Result: NOTE
installed size is 9.5Mb
sub-directories of 1Mb or more:
R 2.1Mb
data 2.3Mb
libs 4.8Mb
Flavors: r-oldrel-macos-arm64, r-oldrel-macos-x86_64, r-oldrel-windows-x86_64