Last updated on 2025-07-22 20:51:06 CEST.
Flavor | Version | Tinstall | Tcheck | Ttotal | Status | Flags |
---|---|---|---|---|---|---|
r-devel-linux-x86_64-debian-clang | 2.0 | 4.13 | 39.81 | 43.94 | OK | |
r-devel-linux-x86_64-debian-gcc | 2.0 | 3.26 | 30.19 | 33.45 | OK | |
r-devel-linux-x86_64-fedora-clang | 2.0 | 69.90 | OK | |||
r-devel-linux-x86_64-fedora-gcc | 2.0 | 81.46 | OK | |||
r-devel-windows-x86_64 | 2.0 | 7.00 | 58.00 | 65.00 | OK | |
r-patched-linux-x86_64 | 2.0 | 3.69 | 37.65 | 41.34 | OK | |
r-release-linux-x86_64 | 2.0 | 4.01 | 37.03 | 41.04 | OK | |
r-release-macos-arm64 | 2.0 | 42.00 | OK | |||
r-release-macos-x86_64 | 2.0 | 52.00 | OK | |||
r-release-windows-x86_64 | 2.0 | 5.00 | 60.00 | 65.00 | OK | |
r-oldrel-macos-arm64 | 2.0 | 29.00 | NOTE | |||
r-oldrel-macos-x86_64 | 2.0 | 44.00 | NOTE | |||
r-oldrel-windows-x86_64 | 2.0 | 7.00 | 69.00 | 76.00 | NOTE |
Version: 2.0
Check: LazyData
Result: NOTE
'LazyData' is specified without a 'data' directory
Flavors: r-oldrel-macos-arm64, r-oldrel-macos-x86_64, r-oldrel-windows-x86_64