CRAN Package Check Results for Package LongMemoryTS

Last updated on 2025-07-05 09:49:28 CEST.

Flavor Version Tinstall Tcheck Ttotal Status Flags
r-devel-linux-x86_64-debian-clang 0.1.0 33.73 52.39 86.12 NOTE
r-devel-linux-x86_64-debian-gcc 0.1.0 25.17 37.22 62.39 NOTE
r-devel-linux-x86_64-fedora-clang 0.1.0 147.15 OK
r-devel-linux-x86_64-fedora-gcc 0.1.0 140.03 OK
r-devel-windows-x86_64 0.1.0 39.00 99.00 138.00 NOTE
r-patched-linux-x86_64 0.1.0 36.70 48.33 85.03 NOTE
r-release-linux-x86_64 0.1.0 33.37 49.12 82.49 NOTE
r-release-macos-arm64 0.1.0 43.00 OK
r-release-macos-x86_64 0.1.0 70.00 OK
r-release-windows-x86_64 0.1.0 40.00 101.00 141.00 NOTE
r-oldrel-macos-arm64 0.1.0 38.00 OK
r-oldrel-macos-x86_64 0.1.0 59.00 OK
r-oldrel-windows-x86_64 0.1.0 48.00 118.00 166.00 OK

Check Details

Version: 0.1.0
Check: Rd cross-references
Result: NOTE Found the following Rd file(s) with Rd \link{} targets missing package anchors: partition.X.Rd: partitions Please provide package anchors for all Rd \link{} targets not in the package itself and the base packages. Flavors: r-devel-linux-x86_64-debian-clang, r-devel-linux-x86_64-debian-gcc, r-devel-windows-x86_64, r-patched-linux-x86_64, r-release-linux-x86_64, r-release-windows-x86_64