Last updated on 2025-05-10 20:49:44 CEST.
Flavor | Version | Tinstall | Tcheck | Ttotal | Status | Flags |
---|---|---|---|---|---|---|
r-devel-linux-x86_64-debian-clang | 1.3-1 | 25.63 | 24.35 | 49.98 | NOTE | |
r-devel-linux-x86_64-debian-gcc | 1.3-1 | 17.96 | 19.75 | 37.71 | NOTE | |
r-devel-linux-x86_64-fedora-clang | 1.3-1 | 86.84 | NOTE | |||
r-devel-linux-x86_64-fedora-gcc | 1.3-1 | 90.57 | NOTE | |||
r-devel-windows-x86_64 | 1.3-1 | 29.00 | 65.00 | 94.00 | NOTE | |
r-patched-linux-x86_64 | 1.3-1 | 21.84 | 23.65 | 45.49 | NOTE | |
r-release-linux-x86_64 | 1.3-1 | 24.14 | 23.43 | 47.57 | NOTE | |
r-release-macos-arm64 | 1.3-1 | 28.00 | NOTE | |||
r-release-macos-x86_64 | 1.3-1 | 41.00 | NOTE | |||
r-release-windows-x86_64 | 1.3-1 | 28.00 | 68.00 | 96.00 | NOTE | |
r-oldrel-macos-arm64 | 1.3-1 | 29.00 | NOTE | |||
r-oldrel-macos-x86_64 | 1.3-1 | 36.00 | NOTE | |||
r-oldrel-windows-x86_64 | 1.3-1 | 32.00 | 73.00 | 105.00 | NOTE |
Version: 1.3-1
Check: CRAN incoming feasibility
Result: NOTE
Maintainer: ‘Juha Karvanen <juha.karvanen@iki.fi>’
Package CITATION file contains call(s) to old-style personList() or
as.personList(). Please use c() on person objects instead.
Package CITATION file contains call(s) to old-style citEntry(). Please
use bibentry() instead.
Flavors: r-devel-linux-x86_64-debian-clang, r-devel-linux-x86_64-debian-gcc
Version: 1.3-1
Check: C++ specification
Result: NOTE
Specified C++11: please drop specification unless essential
Flavors: r-devel-linux-x86_64-debian-clang, r-devel-linux-x86_64-debian-gcc, r-devel-linux-x86_64-fedora-clang, r-devel-linux-x86_64-fedora-gcc, r-devel-windows-x86_64, r-patched-linux-x86_64, r-release-linux-x86_64, r-release-macos-arm64, r-release-macos-x86_64, r-release-windows-x86_64, r-oldrel-macos-arm64, r-oldrel-macos-x86_64, r-oldrel-windows-x86_64
Version: 1.3-1
Check: Rd files
Result: NOTE
checkRd: (-1) cauchypoly.Rd:39: Escaped LaTeX specials: \_ \_ \_
checkRd: (-1) cauchypoly.Rd:40: Escaped LaTeX specials: \_
checkRd: (-1) normpoly.Rd:38: Escaped LaTeX specials: \_ \_ \_
checkRd: (-1) normpoly.Rd:39: Escaped LaTeX specials: \_
Flavors: r-devel-linux-x86_64-debian-clang, r-devel-linux-x86_64-debian-gcc, r-devel-linux-x86_64-fedora-clang, r-devel-linux-x86_64-fedora-gcc, r-devel-windows-x86_64, r-patched-linux-x86_64, r-release-linux-x86_64, r-release-macos-arm64, r-release-macos-x86_64, r-release-windows-x86_64, r-oldrel-macos-arm64, r-oldrel-macos-x86_64, r-oldrel-windows-x86_64