Last updated on 2025-05-10 16:52:31 CEST.
Flavor | Version | Tinstall | Tcheck | Ttotal | Status | Flags |
---|---|---|---|---|---|---|
r-devel-linux-x86_64-debian-clang | 1.0.1 | 8.81 | 94.90 | 103.71 | OK | |
r-devel-linux-x86_64-debian-gcc | 1.0.1 | 6.27 | 71.78 | 78.05 | OK | |
r-devel-linux-x86_64-fedora-clang | 1.0.1 | 159.34 | NOTE | |||
r-devel-linux-x86_64-fedora-gcc | 1.0.1 | 175.54 | NOTE | |||
r-devel-windows-x86_64 | 1.0.1 | 10.00 | 96.00 | 106.00 | OK | |
r-patched-linux-x86_64 | 1.0.1 | 8.08 | 91.14 | 99.22 | OK | |
r-release-linux-x86_64 | 1.0.1 | 8.17 | 91.12 | 99.29 | OK | |
r-release-macos-arm64 | 1.0.1 | 61.00 | OK | |||
r-release-macos-x86_64 | 1.0.1 | 93.00 | OK | |||
r-release-windows-x86_64 | 1.0.1 | 10.00 | 100.00 | 110.00 | OK | |
r-oldrel-macos-arm64 | 1.0.1 | 50.00 | OK | |||
r-oldrel-macos-x86_64 | 1.0.1 | 105.00 | OK | |||
r-oldrel-windows-x86_64 | 1.0.1 | 13.00 | 122.00 | 135.00 | OK |
Version: 1.0.1
Check: dependencies in R code
Result: NOTE
Namespaces in Imports field not imported from:
‘itertools’ ‘knitr’ ‘utils’
All declared Imports should be used.
Flavors: r-devel-linux-x86_64-fedora-clang, r-devel-linux-x86_64-fedora-gcc