Last updated on 2025-05-10 12:49:46 CEST.
Flavor | Version | Tinstall | Tcheck | Ttotal | Status | Flags |
---|---|---|---|---|---|---|
r-devel-linux-x86_64-debian-clang | 1.4.0 | 3.79 | 30.04 | 33.83 | NOTE | |
r-devel-linux-x86_64-debian-gcc | 1.4.0 | 2.76 | 22.97 | 25.73 | NOTE | |
r-devel-linux-x86_64-fedora-clang | 1.4.0 | 50.00 | OK | |||
r-devel-linux-x86_64-fedora-gcc | 1.4.0 | 49.12 | OK | |||
r-devel-windows-x86_64 | 1.4.0 | 5.00 | 49.00 | 54.00 | OK | |
r-patched-linux-x86_64 | 1.4.0 | 3.49 | 27.61 | 31.10 | OK | |
r-release-linux-x86_64 | 1.4.0 | 3.28 | 27.41 | 30.69 | OK | |
r-release-macos-arm64 | 1.4.0 | 19.00 | OK | |||
r-release-macos-x86_64 | 1.4.0 | 50.00 | OK | |||
r-release-windows-x86_64 | 1.4.0 | 5.00 | 51.00 | 56.00 | OK | |
r-oldrel-macos-arm64 | 1.4.0 | 26.00 | OK | |||
r-oldrel-macos-x86_64 | 1.4.0 | 42.00 | OK | |||
r-oldrel-windows-x86_64 | 1.4.0 | 5.00 | 57.00 | 62.00 | OK |
Version: 1.4.0
Check: CRAN incoming feasibility
Result: NOTE
Maintainer: ‘Alexander Grueneberg <cran@agrueneberg.info>’
Package CITATION file contains call(s) to old-style citEntry(). Please
use bibentry() instead.
Flavors: r-devel-linux-x86_64-debian-clang, r-devel-linux-x86_64-debian-gcc