CRAN Package Check Results for Package LeArEst

Last updated on 2025-07-16 04:50:15 CEST.

Flavor Version Tinstall Tcheck Ttotal Status Flags
r-devel-linux-x86_64-debian-clang 1.0.0 4.72 27.33 32.05 OK
r-devel-linux-x86_64-debian-gcc 1.0.0 2.98 20.75 23.73 OK
r-devel-linux-x86_64-fedora-clang 1.0.0 49.62 OK
r-devel-linux-x86_64-fedora-gcc 1.0.0 48.47 OK
r-devel-windows-x86_64 1.0.0 6.00 45.00 51.00 OK
r-patched-linux-x86_64 1.0.0 4.20 25.89 30.09 OK
r-release-linux-x86_64 1.0.0 4.75 26.01 30.76 OK
r-release-macos-arm64 1.0.0 33.00 OK
r-release-macos-x86_64 1.0.0 36.00 OK
r-release-windows-x86_64 1.0.0 5.00 46.00 51.00 OK
r-oldrel-macos-arm64 1.0.0 19.00 NOTE
r-oldrel-macos-x86_64 1.0.0 26.00 NOTE
r-oldrel-windows-x86_64 1.0.0 7.00 53.00 60.00 NOTE

Check Details

Version: 1.0.0
Check: LazyData
Result: NOTE 'LazyData' is specified without a 'data' directory Flavors: r-oldrel-macos-arm64, r-oldrel-macos-x86_64, r-oldrel-windows-x86_64