Last updated on 2025-05-10 16:52:32 CEST.
Flavor | Version | Tinstall | Tcheck | Ttotal | Status | Flags |
---|---|---|---|---|---|---|
r-devel-linux-x86_64-debian-clang | 1.0 | 5.56 | 55.41 | 60.97 | NOTE | |
r-devel-linux-x86_64-debian-gcc | 1.0 | 3.81 | 38.93 | 42.74 | NOTE | |
r-devel-linux-x86_64-fedora-clang | 1.0 | 101.31 | OK | |||
r-devel-linux-x86_64-fedora-gcc | 1.0 | 98.73 | OK | |||
r-devel-windows-x86_64 | 1.0 | 6.00 | 69.00 | 75.00 | OK | |
r-patched-linux-x86_64 | 1.0 | 4.98 | 52.08 | 57.06 | OK | |
r-release-linux-x86_64 | 1.0 | 5.17 | 51.90 | 57.07 | OK | |
r-release-macos-arm64 | 1.0 | 33.00 | OK | |||
r-release-macos-x86_64 | 1.0 | 50.00 | OK | |||
r-release-windows-x86_64 | 1.0 | 6.00 | 70.00 | 76.00 | OK | |
r-oldrel-macos-arm64 | 1.0 | 27.00 | OK | |||
r-oldrel-macos-x86_64 | 1.0 | 41.00 | OK | |||
r-oldrel-windows-x86_64 | 1.0 | 8.00 | 80.00 | 88.00 | OK |
Version: 1.0
Check: CRAN incoming feasibility
Result: NOTE
Maintainer: ‘Mikhail A. Beketov <mikhail.beketov@gmx.de>’
No Authors@R field in DESCRIPTION.
Please add one, modifying
Authors@R: person(given = c("Mikhail", "A."),
family = "Beketov",
role = c("aut", "cre"),
email = "mikhail.beketov@gmx.de")
as necessary.
Found the following \keyword or \concept entries
which likely give several index terms:
File ‘LSMonteCarlo-package.Rd’:
\keyword{
Quantitative Finance
Option pricing
Mon [TRUNCATED]
Flavors: r-devel-linux-x86_64-debian-clang, r-devel-linux-x86_64-debian-gcc