Last updated on 2025-05-10 20:49:44 CEST.
Flavor | Version | Tinstall | Tcheck | Ttotal | Status | Flags |
---|---|---|---|---|---|---|
r-devel-linux-x86_64-debian-clang | 1.4 | 2.87 | 22.64 | 25.51 | NOTE | |
r-devel-linux-x86_64-debian-gcc | 1.4 | 1.88 | 17.63 | 19.51 | NOTE | |
r-devel-linux-x86_64-fedora-clang | 1.4 | 41.19 | OK | |||
r-devel-linux-x86_64-fedora-gcc | 1.4 | 40.24 | OK | |||
r-devel-windows-x86_64 | 1.4 | 3.00 | 44.00 | 47.00 | OK | |
r-patched-linux-x86_64 | 1.4 | 2.39 | 21.66 | 24.05 | OK | |
r-release-linux-x86_64 | 1.4 | 2.38 | 21.68 | 24.06 | OK | |
r-release-macos-arm64 | 1.4 | 17.00 | OK | |||
r-release-macos-x86_64 | 1.4 | 28.00 | OK | |||
r-release-windows-x86_64 | 1.4 | 3.00 | 45.00 | 48.00 | OK | |
r-oldrel-macos-arm64 | 1.4 | 22.00 | OK | |||
r-oldrel-macos-x86_64 | 1.4 | 29.00 | OK | |||
r-oldrel-windows-x86_64 | 1.4 | 4.00 | 45.00 | 49.00 | OK |
Version: 1.4
Check: CRAN incoming feasibility
Result: NOTE
Maintainer: ‘Weihua An <weihuaan@indiana.edu>’
No Authors@R field in DESCRIPTION.
Please add one, modifying
Authors@R: c(person(given = "Weihua",
family = "An",
role = c("aut", "cre"),
email = "weihuaan@indiana.edu"),
person(given = "Xuefu",
family = "Wang",
role = "aut"),
person(given = c("Indiana", "University"),
family = "Bloomington",
role = "aut"))
as necessary.
Flavors: r-devel-linux-x86_64-debian-clang, r-devel-linux-x86_64-debian-gcc