Last updated on 2025-05-10 16:52:28 CEST.
Flavor | Version | Tinstall | Tcheck | Ttotal | Status | Flags |
---|---|---|---|---|---|---|
r-devel-linux-x86_64-debian-clang | 0.3 | 1.87 | 18.46 | 20.33 | NOTE | |
r-devel-linux-x86_64-debian-gcc | 0.3 | 1.48 | 15.33 | 16.81 | NOTE | |
r-devel-linux-x86_64-fedora-clang | 0.3 | 30.35 | NOTE | |||
r-devel-linux-x86_64-fedora-gcc | 0.3 | 29.89 | NOTE | |||
r-devel-windows-x86_64 | 0.3 | 4.00 | 40.00 | 44.00 | OK | |
r-patched-linux-x86_64 | 0.3 | 1.36 | 17.84 | 19.20 | NOTE | |
r-release-linux-x86_64 | 0.3 | 1.80 | 17.83 | 19.63 | NOTE | |
r-release-macos-arm64 | 0.3 | 18.00 | OK | |||
r-release-macos-x86_64 | 0.3 | 26.00 | OK | |||
r-release-windows-x86_64 | 0.3 | 4.00 | 43.00 | 47.00 | OK | |
r-oldrel-macos-arm64 | 0.3 | 15.00 | OK | |||
r-oldrel-macos-x86_64 | 0.3 | 20.00 | OK | |||
r-oldrel-windows-x86_64 | 0.3 | 4.00 | 45.00 | 49.00 | OK |
Version: 0.3
Check: for unstated dependencies in ‘demo’
Result: NOTE
'library' or 'require' calls not declared from:
‘MCMCglmm’ ‘car’ ‘coda’ ‘emmeans’ ‘lattice’ ‘outliers’
Flavors: r-devel-linux-x86_64-debian-clang, r-devel-linux-x86_64-debian-gcc, r-patched-linux-x86_64, r-release-linux-x86_64
Version: 0.3
Check: dependencies in R code
Result: NOTE
Namespaces in Imports field not imported from:
‘lme4’ ‘metafor’ ‘nlme’
All declared Imports should be used.
Flavors: r-devel-linux-x86_64-fedora-clang, r-devel-linux-x86_64-fedora-gcc