Last updated on 2025-07-28 12:50:07 CEST.
Flavor | Version | Tinstall | Tcheck | Ttotal | Status | Flags |
---|---|---|---|---|---|---|
r-devel-linux-x86_64-debian-clang | 1.0.6 | 16.97 | 158.17 | 175.14 | NOTE | |
r-devel-linux-x86_64-debian-gcc | 1.0.6 | 11.01 | 111.62 | 122.63 | NOTE | |
r-devel-linux-x86_64-fedora-clang | 1.0.6 | 263.70 | NOTE | |||
r-devel-linux-x86_64-fedora-gcc | 1.0.6 | 295.92 | NOTE | |||
r-devel-windows-x86_64 | 1.0.6 | 18.00 | 167.00 | 185.00 | NOTE | |
r-patched-linux-x86_64 | 1.0.6 | 17.54 | 150.19 | 167.73 | NOTE | |
r-release-linux-x86_64 | 1.0.6 | 14.81 | 148.71 | 163.52 | NOTE | |
r-release-macos-arm64 | 1.0.6 | 119.00 | NOTE | |||
r-release-macos-x86_64 | 1.0.6 | 213.00 | NOTE | |||
r-release-windows-x86_64 | 1.0.6 | 16.00 | 165.00 | 181.00 | NOTE | |
r-oldrel-macos-arm64 | 1.0.6 | 82.00 | OK | |||
r-oldrel-macos-x86_64 | 1.0.6 | 170.00 | OK | |||
r-oldrel-windows-x86_64 | 1.0.6 | 23.00 | 208.00 | 231.00 | OK |
Version: 1.0.6
Check: DESCRIPTION meta-information
Result: NOTE
Missing dependency on R >= 4.1.0 because package code uses the pipe
|> or function shorthand \(...) syntax added in R 4.1.0.
File(s) using such syntax:
‘helpfunctions_melt.R’
Flavors: r-devel-linux-x86_64-debian-clang, r-devel-linux-x86_64-debian-gcc, r-devel-linux-x86_64-fedora-clang, r-devel-linux-x86_64-fedora-gcc, r-devel-windows-x86_64, r-patched-linux-x86_64, r-release-linux-x86_64, r-release-macos-arm64, r-release-macos-x86_64, r-release-windows-x86_64