Last updated on 2025-05-10 16:52:26 CEST.
Flavor | Version | Tinstall | Tcheck | Ttotal | Status | Flags |
---|---|---|---|---|---|---|
r-devel-linux-x86_64-debian-clang | 0.3.5 | 4.97 | 36.99 | 41.96 | OK | |
r-devel-linux-x86_64-debian-gcc | 0.3.5 | 3.55 | 28.04 | 31.59 | OK | |
r-devel-linux-x86_64-fedora-clang | 0.3.5 | 65.56 | OK | |||
r-devel-linux-x86_64-fedora-gcc | 0.3.5 | 62.79 | OK | |||
r-devel-windows-x86_64 | 0.3.5 | 6.00 | 59.00 | 65.00 | OK | |
r-patched-linux-x86_64 | 0.3.5 | 4.77 | 33.99 | 38.76 | OK | |
r-release-linux-x86_64 | 0.3.5 | 3.87 | 33.94 | 37.81 | OK | |
r-release-macos-arm64 | 0.3.5 | 31.00 | OK | |||
r-release-macos-x86_64 | 0.3.5 | 33.00 | OK | |||
r-release-windows-x86_64 | 0.3.5 | 6.00 | 60.00 | 66.00 | OK | |
r-oldrel-macos-arm64 | 0.3.5 | 29.00 | NOTE | |||
r-oldrel-macos-x86_64 | 0.3.5 | 39.00 | NOTE | |||
r-oldrel-windows-x86_64 | 0.3.5 | 8.00 | 66.00 | 74.00 | NOTE |
Version: 0.3.5
Check: installed package size
Result: NOTE
installed size is 6.2Mb
sub-directories of 1Mb or more:
extdata 4.0Mb
help 2.0Mb
Flavors: r-oldrel-macos-arm64, r-oldrel-macos-x86_64, r-oldrel-windows-x86_64