Last updated on 2025-05-10 20:49:43 CEST.
Flavor | Version | Tinstall | Tcheck | Ttotal | Status | Flags |
---|---|---|---|---|---|---|
r-devel-linux-x86_64-debian-clang | 1.4 | 52.04 | 28.34 | 80.38 | NOTE | |
r-devel-linux-x86_64-debian-gcc | 1.4 | 35.05 | 21.85 | 56.90 | NOTE | |
r-devel-linux-x86_64-fedora-clang | 1.4 | 179.53 | NOTE | |||
r-devel-linux-x86_64-fedora-gcc | 1.4 | 158.82 | NOTE | |||
r-devel-windows-x86_64 | 1.4 | 65.00 | 75.00 | 140.00 | NOTE | |
r-patched-linux-x86_64 | 1.4 | 49.73 | 27.29 | 77.02 | NOTE | |
r-release-linux-x86_64 | 1.4 | 53.28 | 26.94 | 80.22 | NOTE | |
r-release-macos-arm64 | 1.4 | 37.00 | NOTE | |||
r-release-macos-x86_64 | 1.4 | 57.00 | NOTE | |||
r-release-windows-x86_64 | 1.4 | 63.00 | 80.00 | 143.00 | NOTE | |
r-oldrel-macos-arm64 | 1.4 | 39.00 | NOTE | |||
r-oldrel-macos-x86_64 | 1.4 | 44.00 | NOTE | |||
r-oldrel-windows-x86_64 | 1.4 | 74.00 | 85.00 | 159.00 | NOTE |
Version: 1.4
Check: C++ specification
Result: NOTE
Specified C++11: please drop specification unless essential
Flavors: r-devel-linux-x86_64-debian-clang, r-devel-linux-x86_64-debian-gcc, r-devel-linux-x86_64-fedora-clang, r-devel-linux-x86_64-fedora-gcc, r-devel-windows-x86_64, r-patched-linux-x86_64, r-release-linux-x86_64, r-release-macos-arm64, r-release-macos-x86_64, r-release-windows-x86_64, r-oldrel-macos-arm64, r-oldrel-macos-x86_64, r-oldrel-windows-x86_64