Last updated on 2025-05-10 16:52:25 CEST.
Flavor | Version | Tinstall | Tcheck | Ttotal | Status | Flags |
---|---|---|---|---|---|---|
r-devel-linux-x86_64-debian-clang | 1.1.8 | 11.90 | 153.85 | 165.75 | NOTE | |
r-devel-linux-x86_64-debian-gcc | 1.1.8 | 9.26 | 104.23 | 113.49 | NOTE | |
r-devel-linux-x86_64-fedora-clang | 1.1.8 | 254.23 | NOTE | |||
r-devel-linux-x86_64-fedora-gcc | 1.1.8 | 263.45 | NOTE | |||
r-devel-windows-x86_64 | 1.1.8 | 12.00 | 146.00 | 158.00 | OK | |
r-patched-linux-x86_64 | 1.1.8 | 13.42 | 141.12 | 154.54 | OK | |
r-release-linux-x86_64 | 1.1.8 | 11.98 | 142.00 | 153.98 | OK | |
r-release-macos-arm64 | 1.1.8 | 70.00 | OK | |||
r-release-macos-x86_64 | 1.1.8 | 131.00 | OK | |||
r-release-windows-x86_64 | 1.1.8 | 13.00 | 149.00 | 162.00 | OK | |
r-oldrel-macos-arm64 | 1.1.8 | 65.00 | OK | |||
r-oldrel-macos-x86_64 | 1.1.8 | 107.00 | OK | |||
r-oldrel-windows-x86_64 | 1.1.8 | 16.00 | 183.00 | 199.00 | OK |
Version: 1.1.8
Check: CRAN incoming feasibility
Result: NOTE
Maintainer: ‘Kridsadakorn Chaichoompu <kridsadakorn@biostatgen.org>’
Problems when reading CITATION file:
It is recommended to use ‘given’ instead of ‘middle’.
Package CITATION file contains call(s) to old-style personList() or
as.personList(). Please use c() on person objects instead.
Package CITATION file contains call(s) to old-style citEntry(). Please
use bibentry() instead.
Flavors: r-devel-linux-x86_64-debian-clang, r-devel-linux-x86_64-debian-gcc
Version: 1.1.8
Check: dependencies in R code
Result: NOTE
Namespaces in Imports field not imported from:
‘Matrix’ ‘expm’
All declared Imports should be used.
Flavors: r-devel-linux-x86_64-fedora-clang, r-devel-linux-x86_64-fedora-gcc