Last updated on 2025-07-28 04:50:07 CEST.
Flavor | Version | Tinstall | Tcheck | Ttotal | Status | Flags |
---|---|---|---|---|---|---|
r-devel-linux-x86_64-debian-clang | 24.3.25 | 20.01 | 123.09 | 143.10 | OK | |
r-devel-linux-x86_64-debian-gcc | 24.3.25 | 13.97 | 82.40 | 96.37 | OK | |
r-devel-linux-x86_64-fedora-clang | 24.3.25 | 223.42 | OK | |||
r-devel-linux-x86_64-fedora-gcc | 24.3.25 | 216.13 | OK | |||
r-devel-windows-x86_64 | 24.3.25 | 19.00 | 115.00 | 134.00 | OK | |
r-patched-linux-x86_64 | 24.3.25 | 18.24 | 112.63 | 130.87 | OK | |
r-release-linux-x86_64 | 24.3.25 | 19.34 | 112.60 | 131.94 | OK | |
r-release-macos-arm64 | 24.3.25 | 76.00 | OK | |||
r-release-macos-x86_64 | 24.3.25 | 110.00 | OK | |||
r-release-windows-x86_64 | 24.3.25 | 19.00 | 112.00 | 131.00 | OK | |
r-oldrel-macos-arm64 | 24.3.25 | 63.00 | NOTE | |||
r-oldrel-macos-x86_64 | 24.3.25 | 88.00 | NOTE | |||
r-oldrel-windows-x86_64 | 24.3.25 | 27.00 | 146.00 | 173.00 | OK |
Version: 24.3.25
Check: package dependencies
Result: NOTE
Package suggested but not available for checking: ‘INLA’
Flavor: r-oldrel-macos-arm64
Version: 24.3.25
Check: package dependencies
Result: NOTE
Packages suggested but not available for checking: 'INLA', 'frailtypack'
Flavor: r-oldrel-macos-x86_64