Last updated on 2025-05-10 20:49:43 CEST.
Flavor | Version | Tinstall | Tcheck | Ttotal | Status | Flags |
---|---|---|---|---|---|---|
r-devel-linux-x86_64-debian-clang | 0.2.0 | 24.35 | 88.44 | 112.79 | NOTE | |
r-devel-linux-x86_64-debian-gcc | 0.2.0 | 17.21 | 60.71 | 77.92 | NOTE | |
r-devel-linux-x86_64-fedora-clang | 0.2.0 | 181.23 | NOTE | |||
r-devel-linux-x86_64-fedora-gcc | 0.2.0 | 186.23 | NOTE | |||
r-devel-windows-x86_64 | 0.2.0 | 27.00 | 110.00 | 137.00 | NOTE | |
r-patched-linux-x86_64 | 0.2.0 | 22.36 | 80.91 | 103.27 | NOTE | |
r-release-linux-x86_64 | 0.2.0 | 22.46 | 80.95 | 103.41 | NOTE | |
r-release-macos-arm64 | 0.2.0 | 81.00 | NOTE | |||
r-release-macos-x86_64 | 0.2.0 | 97.00 | NOTE | |||
r-release-windows-x86_64 | 0.2.0 | 27.00 | 107.00 | 134.00 | NOTE | |
r-oldrel-macos-arm64 | 0.2.0 | 56.00 | NOTE | |||
r-oldrel-macos-x86_64 | 0.2.0 | 82.00 | NOTE | |||
r-oldrel-windows-x86_64 | 0.2.0 | 33.00 | 137.00 | 170.00 | NOTE |
Version: 0.2.0
Check: C++ specification
Result: NOTE
Specified C++11: please drop specification unless essential
Flavors: r-devel-linux-x86_64-debian-clang, r-devel-linux-x86_64-debian-gcc, r-devel-linux-x86_64-fedora-clang, r-devel-linux-x86_64-fedora-gcc, r-devel-windows-x86_64, r-patched-linux-x86_64, r-release-linux-x86_64, r-release-macos-arm64, r-release-macos-x86_64, r-release-windows-x86_64, r-oldrel-macos-arm64, r-oldrel-macos-x86_64, r-oldrel-windows-x86_64