CRAN Package Check Results for Package ICGE

Last updated on 2025-05-10 20:49:43 CEST.

Flavor Version Tinstall Tcheck Ttotal Status Flags
r-devel-linux-x86_64-debian-clang 0.4.2 3.02 28.36 31.38 NOTE
r-devel-linux-x86_64-debian-gcc 0.4.2 2.33 21.42 23.75 NOTE
r-devel-linux-x86_64-fedora-clang 0.4.2 51.33 OK
r-devel-linux-x86_64-fedora-gcc 0.4.2 49.85 OK
r-devel-windows-x86_64 0.4.2 5.00 49.00 54.00 NOTE
r-patched-linux-x86_64 0.4.2 3.33 26.76 30.09 NOTE
r-release-linux-x86_64 0.4.2 2.46 26.91 29.37 NOTE
r-release-macos-arm64 0.4.2 19.00 OK
r-release-macos-x86_64 0.4.2 33.00 OK
r-release-windows-x86_64 0.4.2 5.00 69.00 74.00 NOTE
r-oldrel-macos-arm64 0.4.2 19.00 OK
r-oldrel-macos-x86_64 0.4.2 26.00 OK
r-oldrel-windows-x86_64 0.4.2 6.00 54.00 60.00 OK

Check Details

Version: 0.4.2
Check: Rd cross-references
Result: NOTE Found the following Rd file(s) with Rd \link{} targets missing package anchors: INCAnumclu.Rd: pam, diana, fanny Please provide package anchors for all Rd \link{} targets not in the package itself and the base packages. Flavors: r-devel-linux-x86_64-debian-clang, r-devel-linux-x86_64-debian-gcc, r-devel-windows-x86_64, r-patched-linux-x86_64, r-release-linux-x86_64, r-release-windows-x86_64