Last updated on 2025-05-10 20:49:43 CEST.
Flavor | Version | Tinstall | Tcheck | Ttotal | Status | Flags |
---|---|---|---|---|---|---|
r-devel-linux-x86_64-debian-clang | 1.2.5 | 43.41 | 159.63 | 203.04 | NOTE | |
r-devel-linux-x86_64-debian-gcc | 1.2.5 | 32.59 | 106.98 | 139.57 | NOTE | |
r-devel-linux-x86_64-fedora-clang | 1.2.5 | 327.69 | NOTE | |||
r-devel-linux-x86_64-fedora-gcc | 1.2.5 | 332.51 | NOTE | |||
r-devel-windows-x86_64 | 1.2.5 | 44.00 | 159.00 | 203.00 | NOTE | |
r-patched-linux-x86_64 | 1.2.5 | 48.82 | 154.16 | 202.98 | NOTE | |
r-release-linux-x86_64 | 1.2.5 | 45.35 | 151.90 | 197.25 | NOTE | |
r-release-macos-arm64 | 1.2.5 | 109.00 | NOTE | |||
r-release-macos-x86_64 | 1.2.5 | 218.00 | NOTE | |||
r-release-windows-x86_64 | 1.2.5 | 44.00 | 156.00 | 200.00 | NOTE | |
r-oldrel-macos-arm64 | 1.2.5 | 108.00 | OK | |||
r-oldrel-macos-x86_64 | 1.2.5 | 152.00 | OK | |||
r-oldrel-windows-x86_64 | 1.2.5 | 58.00 | 209.00 | 267.00 | OK |
Version: 1.2.5
Check: DESCRIPTION meta-information
Result: NOTE
Missing dependency on R >= 4.1.0 because package code uses the pipe
|> or function shorthand \(...) syntax added in R 4.1.0.
File(s) using such syntax:
‘icd_lookup.R’
Flavors: r-devel-linux-x86_64-debian-clang, r-devel-linux-x86_64-debian-gcc, r-devel-linux-x86_64-fedora-clang, r-devel-linux-x86_64-fedora-gcc, r-devel-windows-x86_64, r-patched-linux-x86_64, r-release-linux-x86_64, r-release-macos-arm64, r-release-macos-x86_64, r-release-windows-x86_64