Last updated on 2024-05-09 21:53:01 CEST.
Flavor | Version | Tinstall | Tcheck | Ttotal | Status | Flags |
---|---|---|---|---|---|---|
r-devel-linux-x86_64-debian-clang | 4.0.2 | 30.95 | 50.49 | 81.44 | ERROR | |
r-devel-linux-x86_64-debian-gcc | 4.0.2 | 25.75 | 39.33 | 65.08 | ERROR | |
r-devel-linux-x86_64-fedora-clang | 4.0.2 | 117.25 | ERROR | |||
r-devel-linux-x86_64-fedora-gcc | 4.0.2 | 130.54 | ERROR | |||
r-devel-windows-x86_64 | 4.0.2 | 26.00 | 87.00 | 113.00 | ERROR | |
r-patched-linux-x86_64 | 4.0.2 | 32.48 | 50.41 | 82.89 | ERROR | |
r-release-linux-x86_64 | 4.0.2 | 29.18 | 49.82 | 79.00 | ERROR | |
r-release-macos-arm64 | 4.0.2 | 37.00 | OK | |||
r-release-windows-x86_64 | 4.0.2 | 25.00 | 83.00 | 108.00 | ERROR | |
r-oldrel-macos-arm64 | 4.0.2 | 50.00 | NOTE | |||
r-oldrel-macos-x86_64 | 4.0.2 | 64.00 | NOTE | |||
r-oldrel-windows-x86_64 | 4.0.2 | 33.00 | 98.00 | 131.00 | ERROR |
Version: 4.0.2
Check: tests
Result: ERROR
Running ‘testthat.R’ [14s/19s]
Running the tests in ‘tests/testthat.R’ failed.
Complete output:
> library(testthat)
> library(HypergeoMat)
>
> test_check("HypergeoMat")
[ FAIL 3 | WARN 0 | SKIP 0 | PASS 52 ]
══ Failed tests ════════════════════════════════════════════════════════════════
── Error ('test-Jack.R:16:3'): Schur expansion ─────────────────────────────────
Error in `as.bigq(x)`: only logical, numeric or character (atomic) vectors can be coerced to 'bigq'
Backtrace:
▆
1. └─jack::Schur(x, c(0)) at test-Jack.R:16:3
2. └─gmp::as.bigq(x)
── Error ('test-Jack.R:65:3'): Zonal expansion ─────────────────────────────────
Error in `as.bigq(x)`: only logical, numeric or character (atomic) vectors can be coerced to 'bigq'
Backtrace:
▆
1. └─jack::Zonal(x, c(0)) at test-Jack.R:65:3
2. └─jack::Jack(x, lambda, alpha = "2")
3. └─gmp::as.bigq(x)
── Error ('test-Jack.R:114:3'): ZonalQ expansion ───────────────────────────────
Error in `as.bigq(x)`: only logical, numeric or character (atomic) vectors can be coerced to 'bigq'
Backtrace:
▆
1. └─jack::ZonalQ(x, c(0)) at test-Jack.R:114:3
2. └─jack::Jack(x, lambda, alpha = "1/2")
3. └─gmp::as.bigq(x)
[ FAIL 3 | WARN 0 | SKIP 0 | PASS 52 ]
Error: Test failures
Execution halted
Flavor: r-devel-linux-x86_64-debian-clang
Version: 4.0.2
Check: tests
Result: ERROR
Running ‘testthat.R’ [11s/18s]
Running the tests in ‘tests/testthat.R’ failed.
Complete output:
> library(testthat)
> library(HypergeoMat)
>
> test_check("HypergeoMat")
[ FAIL 3 | WARN 0 | SKIP 0 | PASS 52 ]
══ Failed tests ════════════════════════════════════════════════════════════════
── Error ('test-Jack.R:16:3'): Schur expansion ─────────────────────────────────
Error in `as.bigq(x)`: only logical, numeric or character (atomic) vectors can be coerced to 'bigq'
Backtrace:
▆
1. └─jack::Schur(x, c(0)) at test-Jack.R:16:3
2. └─gmp::as.bigq(x)
── Error ('test-Jack.R:65:3'): Zonal expansion ─────────────────────────────────
Error in `as.bigq(x)`: only logical, numeric or character (atomic) vectors can be coerced to 'bigq'
Backtrace:
▆
1. └─jack::Zonal(x, c(0)) at test-Jack.R:65:3
2. └─jack::Jack(x, lambda, alpha = "2")
3. └─gmp::as.bigq(x)
── Error ('test-Jack.R:114:3'): ZonalQ expansion ───────────────────────────────
Error in `as.bigq(x)`: only logical, numeric or character (atomic) vectors can be coerced to 'bigq'
Backtrace:
▆
1. └─jack::ZonalQ(x, c(0)) at test-Jack.R:114:3
2. └─jack::Jack(x, lambda, alpha = "1/2")
3. └─gmp::as.bigq(x)
[ FAIL 3 | WARN 0 | SKIP 0 | PASS 52 ]
Error: Test failures
Execution halted
Flavor: r-devel-linux-x86_64-debian-gcc
Version: 4.0.2
Check: tests
Result: ERROR
Running ‘testthat.R’ [18s/48s]
Running the tests in ‘tests/testthat.R’ failed.
Complete output:
> library(testthat)
> library(HypergeoMat)
>
> test_check("HypergeoMat")
[ FAIL 3 | WARN 0 | SKIP 0 | PASS 52 ]
══ Failed tests ════════════════════════════════════════════════════════════════
── Error ('test-Jack.R:16:3'): Schur expansion ─────────────────────────────────
Error in `as.bigq(x)`: only logical, numeric or character (atomic) vectors can be coerced to 'bigq'
Backtrace:
▆
1. └─jack::Schur(x, c(0)) at test-Jack.R:16:3
2. └─gmp::as.bigq(x)
── Error ('test-Jack.R:65:3'): Zonal expansion ─────────────────────────────────
Error in `as.bigq(x)`: only logical, numeric or character (atomic) vectors can be coerced to 'bigq'
Backtrace:
▆
1. └─jack::Zonal(x, c(0)) at test-Jack.R:65:3
2. └─jack::Jack(x, lambda, alpha = "2")
3. └─gmp::as.bigq(x)
── Error ('test-Jack.R:114:3'): ZonalQ expansion ───────────────────────────────
Error in `as.bigq(x)`: only logical, numeric or character (atomic) vectors can be coerced to 'bigq'
Backtrace:
▆
1. └─jack::ZonalQ(x, c(0)) at test-Jack.R:114:3
2. └─jack::Jack(x, lambda, alpha = "1/2")
3. └─gmp::as.bigq(x)
[ FAIL 3 | WARN 0 | SKIP 0 | PASS 52 ]
Error: Test failures
Execution halted
Flavor: r-devel-linux-x86_64-fedora-clang
Version: 4.0.2
Check: tests
Result: ERROR
Running ‘testthat.R’ [17s/32s]
Running the tests in ‘tests/testthat.R’ failed.
Complete output:
> library(testthat)
> library(HypergeoMat)
>
> test_check("HypergeoMat")
[ FAIL 3 | WARN 0 | SKIP 0 | PASS 52 ]
══ Failed tests ════════════════════════════════════════════════════════════════
── Error ('test-Jack.R:16:3'): Schur expansion ─────────────────────────────────
Error in `as.bigq(x)`: only logical, numeric or character (atomic) vectors can be coerced to 'bigq'
Backtrace:
▆
1. └─jack::Schur(x, c(0)) at test-Jack.R:16:3
2. └─gmp::as.bigq(x)
── Error ('test-Jack.R:65:3'): Zonal expansion ─────────────────────────────────
Error in `as.bigq(x)`: only logical, numeric or character (atomic) vectors can be coerced to 'bigq'
Backtrace:
▆
1. └─jack::Zonal(x, c(0)) at test-Jack.R:65:3
2. └─jack::Jack(x, lambda, alpha = "2")
3. └─gmp::as.bigq(x)
── Error ('test-Jack.R:114:3'): ZonalQ expansion ───────────────────────────────
Error in `as.bigq(x)`: only logical, numeric or character (atomic) vectors can be coerced to 'bigq'
Backtrace:
▆
1. └─jack::ZonalQ(x, c(0)) at test-Jack.R:114:3
2. └─jack::Jack(x, lambda, alpha = "1/2")
3. └─gmp::as.bigq(x)
[ FAIL 3 | WARN 0 | SKIP 0 | PASS 52 ]
Error: Test failures
Execution halted
Flavor: r-devel-linux-x86_64-fedora-gcc
Version: 4.0.2
Check: tests
Result: ERROR
Running 'testthat.R' [17s]
Running the tests in 'tests/testthat.R' failed.
Complete output:
> library(testthat)
> library(HypergeoMat)
>
> test_check("HypergeoMat")
[ FAIL 3 | WARN 0 | SKIP 0 | PASS 52 ]
══ Failed tests ════════════════════════════════════════════════════════════════
── Error ('test-Jack.R:16:3'): Schur expansion ─────────────────────────────────
Error in `as.bigq(x)`: only logical, numeric or character (atomic) vectors can be coerced to 'bigq'
Backtrace:
▆
1. └─jack::Schur(x, c(0)) at test-Jack.R:16:3
2. └─gmp::as.bigq(x)
── Error ('test-Jack.R:65:3'): Zonal expansion ─────────────────────────────────
Error in `as.bigq(x)`: only logical, numeric or character (atomic) vectors can be coerced to 'bigq'
Backtrace:
▆
1. └─jack::Zonal(x, c(0)) at test-Jack.R:65:3
2. └─jack::Jack(x, lambda, alpha = "2")
3. └─gmp::as.bigq(x)
── Error ('test-Jack.R:114:3'): ZonalQ expansion ───────────────────────────────
Error in `as.bigq(x)`: only logical, numeric or character (atomic) vectors can be coerced to 'bigq'
Backtrace:
▆
1. └─jack::ZonalQ(x, c(0)) at test-Jack.R:114:3
2. └─jack::Jack(x, lambda, alpha = "1/2")
3. └─gmp::as.bigq(x)
[ FAIL 3 | WARN 0 | SKIP 0 | PASS 52 ]
Error: Test failures
Execution halted
Flavor: r-devel-windows-x86_64
Version: 4.0.2
Check: tests
Result: ERROR
Running ‘testthat.R’ [14s/18s]
Running the tests in ‘tests/testthat.R’ failed.
Complete output:
> library(testthat)
> library(HypergeoMat)
>
> test_check("HypergeoMat")
[ FAIL 3 | WARN 0 | SKIP 0 | PASS 52 ]
══ Failed tests ════════════════════════════════════════════════════════════════
── Error ('test-Jack.R:16:3'): Schur expansion ─────────────────────────────────
Error in `as.bigq(x)`: only logical, numeric or character (atomic) vectors can be coerced to 'bigq'
Backtrace:
▆
1. └─jack::Schur(x, c(0)) at test-Jack.R:16:3
2. └─gmp::as.bigq(x)
── Error ('test-Jack.R:65:3'): Zonal expansion ─────────────────────────────────
Error in `as.bigq(x)`: only logical, numeric or character (atomic) vectors can be coerced to 'bigq'
Backtrace:
▆
1. └─jack::Zonal(x, c(0)) at test-Jack.R:65:3
2. └─jack::Jack(x, lambda, alpha = "2")
3. └─gmp::as.bigq(x)
── Error ('test-Jack.R:114:3'): ZonalQ expansion ───────────────────────────────
Error in `as.bigq(x)`: only logical, numeric or character (atomic) vectors can be coerced to 'bigq'
Backtrace:
▆
1. └─jack::ZonalQ(x, c(0)) at test-Jack.R:114:3
2. └─jack::Jack(x, lambda, alpha = "1/2")
3. └─gmp::as.bigq(x)
[ FAIL 3 | WARN 0 | SKIP 0 | PASS 52 ]
Error: Test failures
Execution halted
Flavor: r-patched-linux-x86_64
Version: 4.0.2
Check: tests
Result: ERROR
Running ‘testthat.R’ [14s/17s]
Running the tests in ‘tests/testthat.R’ failed.
Complete output:
> library(testthat)
> library(HypergeoMat)
>
> test_check("HypergeoMat")
[ FAIL 3 | WARN 0 | SKIP 0 | PASS 52 ]
══ Failed tests ════════════════════════════════════════════════════════════════
── Error ('test-Jack.R:16:3'): Schur expansion ─────────────────────────────────
Error in `as.bigq(x)`: only logical, numeric or character (atomic) vectors can be coerced to 'bigq'
Backtrace:
▆
1. └─jack::Schur(x, c(0)) at test-Jack.R:16:3
2. └─gmp::as.bigq(x)
── Error ('test-Jack.R:65:3'): Zonal expansion ─────────────────────────────────
Error in `as.bigq(x)`: only logical, numeric or character (atomic) vectors can be coerced to 'bigq'
Backtrace:
▆
1. └─jack::Zonal(x, c(0)) at test-Jack.R:65:3
2. └─jack::Jack(x, lambda, alpha = "2")
3. └─gmp::as.bigq(x)
── Error ('test-Jack.R:114:3'): ZonalQ expansion ───────────────────────────────
Error in `as.bigq(x)`: only logical, numeric or character (atomic) vectors can be coerced to 'bigq'
Backtrace:
▆
1. └─jack::ZonalQ(x, c(0)) at test-Jack.R:114:3
2. └─jack::Jack(x, lambda, alpha = "1/2")
3. └─gmp::as.bigq(x)
[ FAIL 3 | WARN 0 | SKIP 0 | PASS 52 ]
Error: Test failures
Execution halted
Flavor: r-release-linux-x86_64
Version: 4.0.2
Check: tests
Result: ERROR
Running 'testthat.R' [15s]
Running the tests in 'tests/testthat.R' failed.
Complete output:
> library(testthat)
> library(HypergeoMat)
>
> test_check("HypergeoMat")
[ FAIL 3 | WARN 0 | SKIP 0 | PASS 52 ]
══ Failed tests ════════════════════════════════════════════════════════════════
── Error ('test-Jack.R:16:3'): Schur expansion ─────────────────────────────────
Error in `as.bigq(x)`: only logical, numeric or character (atomic) vectors can be coerced to 'bigq'
Backtrace:
▆
1. └─jack::Schur(x, c(0)) at test-Jack.R:16:3
2. └─gmp::as.bigq(x)
── Error ('test-Jack.R:65:3'): Zonal expansion ─────────────────────────────────
Error in `as.bigq(x)`: only logical, numeric or character (atomic) vectors can be coerced to 'bigq'
Backtrace:
▆
1. └─jack::Zonal(x, c(0)) at test-Jack.R:65:3
2. └─jack::Jack(x, lambda, alpha = "2")
3. └─gmp::as.bigq(x)
── Error ('test-Jack.R:114:3'): ZonalQ expansion ───────────────────────────────
Error in `as.bigq(x)`: only logical, numeric or character (atomic) vectors can be coerced to 'bigq'
Backtrace:
▆
1. └─jack::ZonalQ(x, c(0)) at test-Jack.R:114:3
2. └─jack::Jack(x, lambda, alpha = "1/2")
3. └─gmp::as.bigq(x)
[ FAIL 3 | WARN 0 | SKIP 0 | PASS 52 ]
Error: Test failures
Execution halted
Flavor: r-release-windows-x86_64
Version: 4.0.2
Check: installed package size
Result: NOTE
installed size is 5.2Mb
sub-directories of 1Mb or more:
libs 5.1Mb
Flavor: r-oldrel-macos-arm64
Version: 4.0.2
Check: package dependencies
Result: NOTE
Package suggested but not available for checking: ‘jack’
Flavor: r-oldrel-macos-x86_64
Version: 4.0.2
Check: tests
Result: ERROR
Running 'testthat.R' [22s]
Running the tests in 'tests/testthat.R' failed.
Complete output:
> library(testthat)
> library(HypergeoMat)
>
> test_check("HypergeoMat")
[ FAIL 3 | WARN 0 | SKIP 0 | PASS 52 ]
══ Failed tests ════════════════════════════════════════════════════════════════
── Error ('test-Jack.R:16:3'): Schur expansion ─────────────────────────────────
Error in `as.bigq(x)`: only logical, numeric or character (atomic) vectors can be coerced to 'bigq'
Backtrace:
▆
1. └─jack::Schur(x, c(0)) at test-Jack.R:16:3
2. └─gmp::as.bigq(x)
── Error ('test-Jack.R:65:3'): Zonal expansion ─────────────────────────────────
Error in `as.bigq(x)`: only logical, numeric or character (atomic) vectors can be coerced to 'bigq'
Backtrace:
▆
1. └─jack::Zonal(x, c(0)) at test-Jack.R:65:3
2. └─jack::Jack(x, lambda, alpha = "2")
3. └─gmp::as.bigq(x)
── Error ('test-Jack.R:114:3'): ZonalQ expansion ───────────────────────────────
Error in `as.bigq(x)`: only logical, numeric or character (atomic) vectors can be coerced to 'bigq'
Backtrace:
▆
1. └─jack::ZonalQ(x, c(0)) at test-Jack.R:114:3
2. └─jack::Jack(x, lambda, alpha = "1/2")
3. └─gmp::as.bigq(x)
[ FAIL 3 | WARN 0 | SKIP 0 | PASS 52 ]
Error: Test failures
Execution halted
Flavor: r-oldrel-windows-x86_64