Last updated on 2025-05-10 20:49:42 CEST.
Flavor | Version | Tinstall | Tcheck | Ttotal | Status | Flags |
---|---|---|---|---|---|---|
r-devel-linux-x86_64-debian-clang | 1.1 | 79.54 | 28.41 | 107.95 | NOTE | |
r-devel-linux-x86_64-debian-gcc | 1.1 | 57.73 | 22.63 | 80.36 | NOTE | |
r-devel-linux-x86_64-fedora-clang | 1.1 | 218.10 | NOTE | |||
r-devel-linux-x86_64-fedora-gcc | 1.1 | 212.24 | NOTE | |||
r-devel-windows-x86_64 | 1.1 | 94.00 | 68.00 | 162.00 | NOTE | |
r-patched-linux-x86_64 | 1.1 | 78.30 | 26.59 | 104.89 | NOTE | |
r-release-linux-x86_64 | 1.1 | 78.18 | 26.93 | 105.11 | NOTE | |
r-release-macos-arm64 | 1.1 | 38.00 | NOTE | |||
r-release-macos-x86_64 | 1.1 | 54.00 | NOTE | |||
r-release-windows-x86_64 | 1.1 | 94.00 | 70.00 | 164.00 | NOTE | |
r-oldrel-macos-arm64 | 1.1 | 42.00 | NOTE | |||
r-oldrel-macos-x86_64 | 1.1 | 46.00 | NOTE | |||
r-oldrel-windows-x86_64 | 1.1 | 110.00 | 86.00 | 196.00 | NOTE |
Version: 1.1
Check: C++ specification
Result: NOTE
Specified C++11: please drop specification unless essential
Flavors: r-devel-linux-x86_64-debian-clang, r-devel-linux-x86_64-debian-gcc, r-devel-linux-x86_64-fedora-clang, r-devel-linux-x86_64-fedora-gcc, r-devel-windows-x86_64, r-patched-linux-x86_64, r-release-linux-x86_64, r-release-macos-arm64, r-release-macos-x86_64, r-release-windows-x86_64, r-oldrel-macos-arm64, r-oldrel-macos-x86_64, r-oldrel-windows-x86_64
Version: 1.1
Check: installed package size
Result: NOTE
installed size is 7.8Mb
sub-directories of 1Mb or more:
data 3.5Mb
libs 4.0Mb
Flavors: r-oldrel-macos-arm64, r-oldrel-macos-x86_64, r-oldrel-windows-x86_64