Last updated on 2025-05-11 00:49:38 CEST.
Flavor | Version | Tinstall | Tcheck | Ttotal | Status | Flags |
---|---|---|---|---|---|---|
r-devel-linux-x86_64-debian-clang | 0.2.6 | 80.48 | 54.51 | 134.99 | NOTE | |
r-devel-linux-x86_64-debian-gcc | 0.2.6 | 57.35 | 44.98 | 102.33 | NOTE | |
r-devel-linux-x86_64-fedora-clang | 0.2.6 | 274.56 | OK | |||
r-devel-linux-x86_64-fedora-gcc | 0.2.6 | 285.34 | OK | |||
r-devel-windows-x86_64 | 0.2.6 | 89.00 | 110.00 | 199.00 | OK | |
r-patched-linux-x86_64 | 0.2.6 | 79.91 | 52.60 | 132.51 | OK | |
r-release-linux-x86_64 | 0.2.6 | 81.85 | 52.79 | 134.64 | OK | |
r-release-macos-arm64 | 0.2.6 | 70.00 | OK | |||
r-release-macos-x86_64 | 0.2.6 | 117.00 | OK | |||
r-release-windows-x86_64 | 0.2.6 | 90.00 | 110.00 | 200.00 | OK | |
r-oldrel-macos-arm64 | 0.2.6 | 79.00 | OK | |||
r-oldrel-macos-x86_64 | 0.2.6 | 99.00 | OK | |||
r-oldrel-windows-x86_64 | 0.2.6 | 85.00 | 124.00 | 209.00 | OK |
Version: 0.2.6
Check: CRAN incoming feasibility
Result: NOTE
Maintainer: ‘Ezequiel Toum <etoum@mendoza-conicet.gob.ar>’
No Authors@R field in DESCRIPTION.
Please add one, modifying
Authors@R: person(given = "Ezequiel",
family = "Toum",
role = c("aut", "cre"),
email = "etoum@mendoza-conicet.gob.ar")
as necessary.
Package CITATION file contains call(s) to old-style personList() or
as.personList(). Please use c() on person objects instead.
Package CITATION file contains call(s) to old-style citEntry(). Please
use bibentry() instead.
Flavors: r-devel-linux-x86_64-debian-clang, r-devel-linux-x86_64-debian-gcc