Last updated on 2025-05-10 20:49:41 CEST.
Flavor | Version | Tinstall | Tcheck | Ttotal | Status | Flags |
---|---|---|---|---|---|---|
r-devel-linux-x86_64-debian-clang | 2.2.0 | 27.13 | 46.52 | 73.65 | NOTE | |
r-devel-linux-x86_64-debian-gcc | 2.2.0 | 16.61 | 34.44 | 51.05 | NOTE | |
r-devel-linux-x86_64-fedora-clang | 2.2.0 | 119.39 | NOTE | |||
r-devel-linux-x86_64-fedora-gcc | 2.2.0 | 119.08 | NOTE | |||
r-devel-windows-x86_64 | 2.2.0 | 31.00 | 82.00 | 113.00 | NOTE | |
r-patched-linux-x86_64 | 2.2.0 | 23.98 | 44.24 | 68.22 | NOTE | |
r-release-linux-x86_64 | 2.2.0 | 23.67 | 44.20 | 67.87 | NOTE | |
r-release-macos-arm64 | 2.2.0 | 38.00 | NOTE | |||
r-release-macos-x86_64 | 2.2.0 | 65.00 | NOTE | |||
r-release-windows-x86_64 | 2.2.0 | 31.00 | 82.00 | 113.00 | NOTE | |
r-oldrel-macos-arm64 | 2.2.0 | 33.00 | NOTE | |||
r-oldrel-macos-x86_64 | 2.2.0 | 51.00 | NOTE | |||
r-oldrel-windows-x86_64 | 2.2.0 | 35.00 | 96.00 | 131.00 | NOTE |
Version: 2.2.0
Check: CRAN incoming feasibility
Result: NOTE
Maintainer: ‘Jiwoong Kim <jwboys26@gmail.com>’
No Authors@R field in DESCRIPTION.
Please add one, modifying
Authors@R: person(given = "Jiwoong",
family = "Kim",
role = c("aut", "cre"),
email = "jwboys26atgmail.com")
as necessary.
Flavors: r-devel-linux-x86_64-debian-clang, r-devel-linux-x86_64-debian-gcc
Version: 2.2.0
Check: C++ specification
Result: NOTE
Specified C++11: please drop specification unless essential
Flavors: r-devel-linux-x86_64-debian-clang, r-devel-linux-x86_64-debian-gcc, r-devel-linux-x86_64-fedora-clang, r-devel-linux-x86_64-fedora-gcc, r-devel-windows-x86_64, r-patched-linux-x86_64, r-release-linux-x86_64, r-release-macos-arm64, r-release-macos-x86_64, r-release-windows-x86_64, r-oldrel-macos-arm64, r-oldrel-macos-x86_64, r-oldrel-windows-x86_64