Last updated on 2025-05-10 20:49:41 CEST.
Flavor | Version | Tinstall | Tcheck | Ttotal | Status | Flags |
---|---|---|---|---|---|---|
r-devel-linux-x86_64-debian-clang | 0.3.0 | 46.39 | 375.36 | 421.75 | NOTE | |
r-devel-linux-x86_64-debian-gcc | 0.3.0 | 34.18 | 256.47 | 290.65 | NOTE | |
r-devel-linux-x86_64-fedora-clang | 0.3.0 | 767.96 | OK | |||
r-devel-linux-x86_64-fedora-gcc | 0.3.0 | 775.64 | OK | |||
r-devel-windows-x86_64 | 0.3.0 | 60.00 | 468.00 | 528.00 | OK | |
r-patched-linux-x86_64 | 0.3.0 | 48.67 | 352.87 | 401.54 | OK | |
r-release-linux-x86_64 | 0.3.0 | 45.55 | 347.57 | 393.12 | OK | |
r-release-macos-arm64 | 0.3.0 | 199.00 | OK | |||
r-release-macos-x86_64 | 0.3.0 | 408.00 | OK | |||
r-release-windows-x86_64 | 0.3.0 | 61.00 | 468.00 | 529.00 | OK | |
r-oldrel-macos-arm64 | 0.3.0 | 215.00 | NOTE | |||
r-oldrel-macos-x86_64 | 0.3.0 | 359.00 | NOTE | |||
r-oldrel-windows-x86_64 | 0.3.0 | 70.00 | 564.00 | 634.00 | OK |
Version: 0.3.0
Check: CRAN incoming feasibility
Result: NOTE
Maintainer: ‘Robrecht Cannoodt <rcannood@gmail.com>’
Package CITATION file contains call(s) to old-style citEntry(). Please
use bibentry() instead.
Flavors: r-devel-linux-x86_64-debian-clang, r-devel-linux-x86_64-debian-gcc
Version: 0.3.0
Check: installed package size
Result: NOTE
installed size is 5.7Mb
sub-directories of 1Mb or more:
doc 1.7Mb
libs 3.4Mb
Flavors: r-oldrel-macos-arm64, r-oldrel-macos-x86_64