Last updated on 2025-05-10 12:49:42 CEST.
Flavor | Version | Tinstall | Tcheck | Ttotal | Status | Flags |
---|---|---|---|---|---|---|
r-devel-linux-x86_64-debian-clang | 1.2.1 | 1.74 | 21.57 | 23.31 | NOTE | |
r-devel-linux-x86_64-debian-gcc | 1.2.1 | 1.42 | 17.51 | 18.93 | NOTE | |
r-devel-linux-x86_64-fedora-clang | 1.2.1 | 37.54 | OK | |||
r-devel-linux-x86_64-fedora-gcc | 1.2.1 | 35.85 | OK | |||
r-devel-windows-x86_64 | 1.2.1 | 3.00 | 47.00 | 50.00 | OK | |
r-patched-linux-x86_64 | 1.2.1 | 2.15 | 20.73 | 22.88 | OK | |
r-release-linux-x86_64 | 1.2.1 | 1.87 | 20.82 | 22.69 | OK | |
r-release-macos-arm64 | 1.2.1 | 19.00 | OK | |||
r-release-macos-x86_64 | 1.2.1 | 27.00 | OK | |||
r-release-windows-x86_64 | 1.2.1 | 3.00 | 48.00 | 51.00 | OK | |
r-oldrel-macos-arm64 | 1.2.1 | 23.00 | OK | |||
r-oldrel-macos-x86_64 | 1.2.1 | 22.00 | OK | |||
r-oldrel-windows-x86_64 | 1.2.1 | 3.00 | 48.00 | 51.00 | OK |
Version: 1.2.1
Check: CRAN incoming feasibility
Result: NOTE
Maintainer: ‘Horst Lewitschnig <Horst.Lewitschnig@infineon.com>’
No Authors@R field in DESCRIPTION.
Please add one, modifying
Authors@R: c(person(given = "Horst",
family = "Lewitschnig",
role = c("aut", "cre"),
email = "horst.lewitschnig@infineon.com"),
person(given = "David",
family = "Lenzi",
role = "aut"))
as necessary.
Flavors: r-devel-linux-x86_64-debian-clang, r-devel-linux-x86_64-debian-gcc