Last updated on 2025-07-27 01:48:23 CEST.
Flavor | Version | Tinstall | Tcheck | Ttotal | Status | Flags |
---|---|---|---|---|---|---|
r-devel-linux-x86_64-debian-clang | 2.4-1 | 106.80 | 155.02 | 261.82 | OK | |
r-devel-linux-x86_64-debian-gcc | 2.4-1 | 81.58 | 110.46 | 192.04 | OK | |
r-devel-linux-x86_64-fedora-clang | 2.4-1 | 418.45 | OK | |||
r-devel-linux-x86_64-fedora-gcc | 2.4-1 | 424.08 | OK | |||
r-devel-windows-x86_64 | 2.4-1 | 111.00 | 175.00 | 286.00 | OK | |
r-patched-linux-x86_64 | 2.4-1 | 112.45 | 151.23 | 263.68 | OK | |
r-release-linux-x86_64 | 2.4-1 | 112.41 | 149.26 | 261.67 | OK | |
r-release-macos-arm64 | 2.4-1 | 112.00 | OK | |||
r-release-macos-x86_64 | 2.4-1 | 226.00 | OK | |||
r-release-windows-x86_64 | 2.4-1 | 108.00 | 172.00 | 280.00 | OK | |
r-oldrel-macos-arm64 | 2.4-1 | 103.00 | NOTE | |||
r-oldrel-macos-x86_64 | 2.4-1 | 232.00 | NOTE | |||
r-oldrel-windows-x86_64 | 2.4-1 | 132.00 | 214.00 | 346.00 | OK |
Version: 2.4-1
Check: installed package size
Result: NOTE
installed size is 27.9Mb
sub-directories of 1Mb or more:
data 1.5Mb
libs 25.6Mb
Flavors: r-oldrel-macos-arm64, r-oldrel-macos-x86_64